{"id":12758,"date":"2024-05-25T00:39:23","date_gmt":"2024-05-24T22:39:23","guid":{"rendered":"https:\/\/alinvest-verde.eu\/?post_type=videos&#038;p=12758"},"modified":"2024-05-25T00:42:55","modified_gmt":"2024-05-24T22:42:55","slug":"conexionverde-guatemala","status":"publish","type":"videos","link":"https:\/\/alinvest-verde.eu\/en_gb\/videos\/conexionverde-guatemala\/","title":{"rendered":"#CONEXI\u00d3NVerde Guatemala"},"content":{"rendered":"<p class=\"wp-block-paragraph\">The annual event of Component 1 took place in the city of Antigua and brought together the partnership projects, experts in sustainable agriculture, climate change, green and digital jobs, circular economy and waste management such as plastic, as well as members of the Delegation of the European Union in Guatemala. All of them met with a view to seeking opportunities that allow the generation of initiatives that impact the growth of SMEs in the region.<\/p>","protected":false},"featured_media":0,"template":"","meta":[],"class_list":["post-12758","videos","type-videos","status-publish","hentry"],"yoast_head":"<!-- This site is optimized with the Yoast SEO plugin v28.4 - https:\/\/yoast.com\/product\/yoast-seo-wordpress\/ -->\n<title>#CONEXI\u00d3NVerde Guatemala - Programme AL-INVEST Verde<\/title>\n<meta name=\"robots\" content=\"index, follow, max-snippet:-1, max-image-preview:large, max-video-preview:-1\" \/>\n<link rel=\"canonical\" href=\"https:\/\/alinvest-verde.eu\/en_gb\/videos\/conexionverde-guatemala\/\" \/>\n<meta property=\"og:locale\" content=\"en_GB\" \/>\n<meta property=\"og:type\" content=\"article\" \/>\n<meta property=\"og:title\" content=\"#CONEXI\u00d3NVerde Guatemala - Programme AL-INVEST Verde\" \/>\n<meta property=\"og:description\" content=\"El evento anual del Componente 1 se desarroll\u00f3 en la ciudad de Antigua y reuni\u00f3 a los proyectos de partenariado, expertos en agricultura sostenible, cambio clim\u00e1tico, empleos verdes y digitales, econom\u00eda circular y gesti\u00f3n de residuos como el pl\u00e1stico; as\u00ed como miembros de la Delegaci\u00f3n de la Uni\u00f3n Europea en Guatemala. Todos ellos se dieron [&hellip;]\" \/>\n<meta property=\"og:url\" content=\"https:\/\/alinvest-verde.eu\/en_gb\/videos\/conexionverde-guatemala\/\" \/>\n<meta property=\"og:site_name\" content=\"Programme AL-INVEST Verde\" \/>\n<meta property=\"article:modified_time\" content=\"2024-05-24T22:42:55+00:00\" \/>\n<meta property=\"og:image\" content=\"https:\/\/alinvest-verde.eu\/wp-content\/uploads\/2022\/05\/money-g931d55623_1920.jpg\" \/>\n\t<meta property=\"og:image:width\" content=\"1920\" \/>\n\t<meta property=\"og:image:height\" content=\"960\" \/>\n\t<meta property=\"og:image:type\" content=\"image\/jpeg\" \/>\n<meta name=\"twitter:card\" content=\"summary_large_image\" \/>\n<meta name=\"twitter:label1\" content=\"Estimated reading time\" \/>\n\t<meta name=\"twitter:data1\" content=\"1 minute\" \/>\n<script type=\"application\/ld+json\" class=\"yoast-schema-graph\">{\"@context\":\"https:\\\/\\\/schema.org\",\"@graph\":[{\"@type\":\"WebPage\",\"@id\":\"https:\\\/\\\/alinvest-verde.eu\\\/videos\\\/conexionverde-guatemala\\\/\",\"url\":\"https:\\\/\\\/alinvest-verde.eu\\\/videos\\\/conexionverde-guatemala\\\/\",\"name\":\"#CONEXI\u00d3NVerde Guatemala - Programme AL-INVEST Verde\",\"isPartOf\":{\"@id\":\"https:\\\/\\\/alinvest-verde.eu\\\/#website\"},\"datePublished\":\"2024-05-24T22:39:23+00:00\",\"dateModified\":\"2024-05-24T22:42:55+00:00\",\"breadcrumb\":{\"@id\":\"https:\\\/\\\/alinvest-verde.eu\\\/videos\\\/conexionverde-guatemala\\\/#breadcrumb\"},\"inLanguage\":\"en-GB\",\"potentialAction\":[{\"@type\":\"ReadAction\",\"target\":[\"https:\\\/\\\/alinvest-verde.eu\\\/videos\\\/conexionverde-guatemala\\\/\"]}]},{\"@type\":\"BreadcrumbList\",\"@id\":\"https:\\\/\\\/alinvest-verde.eu\\\/videos\\\/conexionverde-guatemala\\\/#breadcrumb\",\"itemListElement\":[{\"@type\":\"ListItem\",\"position\":1,\"name\":\"Inicio\",\"item\":\"https:\\\/\\\/alinvest-verde.eu\\\/\"},{\"@type\":\"ListItem\",\"position\":2,\"name\":\"#CONEXI\u00d3NVerde Guatemala\"}]},{\"@type\":\"WebSite\",\"@id\":\"https:\\\/\\\/alinvest-verde.eu\\\/#website\",\"url\":\"https:\\\/\\\/alinvest-verde.eu\\\/\",\"name\":\"Programme AL-INVEST Verde\",\"description\":\"Building alliances with the private sector in LA and promote sustainable growth and jobs creation by supporting the transition towards a low-carbon, resource-efficient economy\",\"publisher\":{\"@id\":\"https:\\\/\\\/alinvest-verde.eu\\\/#organization\"},\"potentialAction\":[{\"@type\":\"SearchAction\",\"target\":{\"@type\":\"EntryPoint\",\"urlTemplate\":\"https:\\\/\\\/alinvest-verde.eu\\\/?s={search_term_string}\"},\"query-input\":{\"@type\":\"PropertyValueSpecification\",\"valueRequired\":true,\"valueName\":\"search_term_string\"}}],\"inLanguage\":\"en-GB\"},{\"@type\":\"Organization\",\"@id\":\"https:\\\/\\\/alinvest-verde.eu\\\/#organization\",\"name\":\"Programme AL-INVEST Verde\",\"url\":\"https:\\\/\\\/alinvest-verde.eu\\\/\",\"logo\":{\"@type\":\"ImageObject\",\"inLanguage\":\"en-GB\",\"@id\":\"https:\\\/\\\/alinvest-verde.eu\\\/#\\\/schema\\\/logo\\\/image\\\/\",\"url\":\"https:\\\/\\\/alinvest-verde.eu\\\/wp-content\\\/uploads\\\/2022\\\/01\\\/cropped-logo-financiado-por-la-UE.jpg\",\"contentUrl\":\"https:\\\/\\\/alinvest-verde.eu\\\/wp-content\\\/uploads\\\/2022\\\/01\\\/cropped-logo-financiado-por-la-UE.jpg\",\"width\":756,\"height\":216,\"caption\":\"Programme AL-INVEST Verde\"},\"image\":{\"@id\":\"https:\\\/\\\/alinvest-verde.eu\\\/#\\\/schema\\\/logo\\\/image\\\/\"}}]}<\/script>\n<!-- \/ Yoast SEO plugin. -->","yoast_head_json":{"title":"#CONEXI\u00d3NVerde Guatemala - Programme AL-INVEST Verde","robots":{"index":"index","follow":"follow","max-snippet":"max-snippet:-1","max-image-preview":"max-image-preview:large","max-video-preview":"max-video-preview:-1"},"canonical":"https:\/\/alinvest-verde.eu\/en_gb\/videos\/conexionverde-guatemala\/","og_locale":"en_GB","og_type":"article","og_title":"#CONEXI\u00d3NVerde Guatemala - Programme AL-INVEST Verde","og_description":"El evento anual del Componente 1 se desarroll\u00f3 en la ciudad de Antigua y reuni\u00f3 a los proyectos de partenariado, expertos en agricultura sostenible, cambio clim\u00e1tico, empleos verdes y digitales, econom\u00eda circular y gesti\u00f3n de residuos como el pl\u00e1stico; as\u00ed como miembros de la Delegaci\u00f3n de la Uni\u00f3n Europea en Guatemala. Todos ellos se dieron [&hellip;]","og_url":"https:\/\/alinvest-verde.eu\/en_gb\/videos\/conexionverde-guatemala\/","og_site_name":"Programme AL-INVEST Verde","article_modified_time":"2024-05-24T22:42:55+00:00","og_image":[{"width":1920,"height":960,"url":"https:\/\/alinvest-verde.eu\/wp-content\/uploads\/2022\/05\/money-g931d55623_1920.jpg","type":"image\/jpeg"}],"twitter_card":"summary_large_image","twitter_misc":{"Estimated reading time":"1 minute"},"schema":{"@context":"https:\/\/schema.org","@graph":[{"@type":"WebPage","@id":"https:\/\/alinvest-verde.eu\/videos\/conexionverde-guatemala\/","url":"https:\/\/alinvest-verde.eu\/videos\/conexionverde-guatemala\/","name":"#CONEXI\u00d3NVerde Guatemala - Programme AL-INVEST Verde","isPartOf":{"@id":"https:\/\/alinvest-verde.eu\/#website"},"datePublished":"2024-05-24T22:39:23+00:00","dateModified":"2024-05-24T22:42:55+00:00","breadcrumb":{"@id":"https:\/\/alinvest-verde.eu\/videos\/conexionverde-guatemala\/#breadcrumb"},"inLanguage":"en-GB","potentialAction":[{"@type":"ReadAction","target":["https:\/\/alinvest-verde.eu\/videos\/conexionverde-guatemala\/"]}]},{"@type":"BreadcrumbList","@id":"https:\/\/alinvest-verde.eu\/videos\/conexionverde-guatemala\/#breadcrumb","itemListElement":[{"@type":"ListItem","position":1,"name":"Inicio","item":"https:\/\/alinvest-verde.eu\/"},{"@type":"ListItem","position":2,"name":"#CONEXI\u00d3NVerde Guatemala"}]},{"@type":"WebSite","@id":"https:\/\/alinvest-verde.eu\/#website","url":"https:\/\/alinvest-verde.eu\/","name":"Programme AL-INVEST Verde","description":"Building alliances with the private sector in LA and promote sustainable growth and jobs creation by supporting the transition towards a low-carbon, resource-efficient economy","publisher":{"@id":"https:\/\/alinvest-verde.eu\/#organization"},"potentialAction":[{"@type":"SearchAction","target":{"@type":"EntryPoint","urlTemplate":"https:\/\/alinvest-verde.eu\/?s={search_term_string}"},"query-input":{"@type":"PropertyValueSpecification","valueRequired":true,"valueName":"search_term_string"}}],"inLanguage":"en-GB"},{"@type":"Organization","@id":"https:\/\/alinvest-verde.eu\/#organization","name":"Programme AL-INVEST Verde","url":"https:\/\/alinvest-verde.eu\/","logo":{"@type":"ImageObject","inLanguage":"en-GB","@id":"https:\/\/alinvest-verde.eu\/#\/schema\/logo\/image\/","url":"https:\/\/alinvest-verde.eu\/wp-content\/uploads\/2022\/01\/cropped-logo-financiado-por-la-UE.jpg","contentUrl":"https:\/\/alinvest-verde.eu\/wp-content\/uploads\/2022\/01\/cropped-logo-financiado-por-la-UE.jpg","width":756,"height":216,"caption":"Programme AL-INVEST Verde"},"image":{"@id":"https:\/\/alinvest-verde.eu\/#\/schema\/logo\/image\/"}}]}},"_links":{"self":[{"href":"https:\/\/alinvest-verde.eu\/en_gb\/wp-json\/wp\/v2\/videos\/12758","targetHints":{"allow":["GET"]}}],"collection":[{"href":"https:\/\/alinvest-verde.eu\/en_gb\/wp-json\/wp\/v2\/videos"}],"about":[{"href":"https:\/\/alinvest-verde.eu\/en_gb\/wp-json\/wp\/v2\/types\/videos"}],"wp:attachment":[{"href":"https:\/\/alinvest-verde.eu\/en_gb\/wp-json\/wp\/v2\/media?parent=12758"}],"curies":[{"name":"wp","href":"https:\/\/api.w.org\/{rel}","templated":true}]}}

#CONEXIÓNVerde Guatemala

<!-- This site is optimized with the Yoast SEO plugin v28.4 - https://yoast.com/product/yoast-seo-wordpress/ -->
<title>#CONEXIÓNVerde Guatemala - Programme AL-INVEST Verde</title>
<meta name="robots" content="index, follow, max-snippet:-1, max-image-preview:large, max-video-preview:-1" />
<link rel="canonical" href="https://alinvest-verde.eu/en_gb/videos/conexionverde-guatemala/" />
<meta property="og:locale" content="en_GB" />
<meta property="og:type" content="article" />
<meta property="og:title" content="#CONEXIÓNVerde Guatemala - Programme AL-INVEST Verde" />
<meta property="og:description" content="El evento anual del Componente 1 se desarrolló en la ciudad de Antigua y reunió a los proyectos de partenariado, expertos en agricultura sostenible, cambio climático, empleos verdes y digitales, economía circular y gestión de residuos como el plástico; así como miembros de la Delegación de la Unión Europea en Guatemala. Todos ellos se dieron [&hellip;]" />
<meta property="og:url" content="https://alinvest-verde.eu/en_gb/videos/conexionverde-guatemala/" />
<meta property="og:site_name" content="Programme AL-INVEST Verde" />
<meta property="article:modified_time" content="2024-05-24T22:42:55+00:00" />
<meta property="og:image" content="https://alinvest-verde.eu/wp-content/uploads/2022/05/money-g931d55623_1920.jpg" />
	<meta property="og:image:width" content="1920" />
	<meta property="og:image:height" content="960" />
	<meta property="og:image:type" content="image/jpeg" />
<meta name="twitter:card" content="summary_large_image" />
<meta name="twitter:label1" content="Estimated reading time" />
	<meta name="twitter:data1" content="1 minute" />
<script type="application/ld+json" class="yoast-schema-graph">{"@context":"https:\/\/schema.org","@graph":[{"@type":"WebPage","@id":"https:\/\/alinvest-verde.eu\/videos\/conexionverde-guatemala\/","url":"https:\/\/alinvest-verde.eu\/videos\/conexionverde-guatemala\/","name":"#CONEXIÓNVerde Guatemala - Programme AL-INVEST Verde","isPartOf":{"@id":"https:\/\/alinvest-verde.eu\/#website"},"datePublished":"2024-05-24T22:39:23+00:00","dateModified":"2024-05-24T22:42:55+00:00","breadcrumb":{"@id":"https:\/\/alinvest-verde.eu\/videos\/conexionverde-guatemala\/#breadcrumb"},"inLanguage":"en-GB","potentialAction":[{"@type":"ReadAction","target":["https:\/\/alinvest-verde.eu\/videos\/conexionverde-guatemala\/"]}]},{"@type":"BreadcrumbList","@id":"https:\/\/alinvest-verde.eu\/videos\/conexionverde-guatemala\/#breadcrumb","itemListElement":[{"@type":"ListItem","position":1,"name":"Inicio","item":"https:\/\/alinvest-verde.eu\/"},{"@type":"ListItem","position":2,"name":"#CONEXIÓNVerde Guatemala"}]},{"@type":"WebSite","@id":"https:\/\/alinvest-verde.eu\/#website","url":"https:\/\/alinvest-verde.eu\/","name":"Programme AL-INVEST Verde","description":"Building alliances with the private sector in LA and promote sustainable growth and jobs creation by supporting the transition towards a low-carbon, resource-efficient economy","publisher":{"@id":"https:\/\/alinvest-verde.eu\/#organization"},"potentialAction":[{"@type":"SearchAction","target":{"@type":"EntryPoint","urlTemplate":"https:\/\/alinvest-verde.eu\/?s={search_term_string}"},"query-input":{"@type":"PropertyValueSpecification","valueRequired":true,"valueName":"search_term_string"}}],"inLanguage":"en-GB"},{"@type":"Organization","@id":"https:\/\/alinvest-verde.eu\/#organization","name":"Programme AL-INVEST Verde","url":"https:\/\/alinvest-verde.eu\/","logo":{"@type":"ImageObject","inLanguage":"en-GB","@id":"https:\/\/alinvest-verde.eu\/#\/schema\/logo\/image\/","url":"https:\/\/alinvest-verde.eu\/wp-content\/uploads\/2022\/01\/cropped-logo-financiado-por-la-UE.jpg","contentUrl":"https:\/\/alinvest-verde.eu\/wp-content\/uploads\/2022\/01\/cropped-logo-financiado-por-la-UE.jpg","width":756,"height":216,"caption":"Programme AL-INVEST Verde"},"image":{"@id":"https:\/\/alinvest-verde.eu\/#\/schema\/logo\/image\/"}}]}</script>
<!-- / Yoast SEO plugin. -->

#CONEXIÓNVerde Guatemala - Programme AL-INVEST Verde

El evento anual del Componente 1 se desarrolló en la ciudad de Antigua y reunió a los proyectos de partenariado, expertos en agricultura sostenible, cambio climático, empleos verdes y digitales, economía circular y gestión de residuos como el plástico; así como miembros de la Delegación de la Unión Europea en Guatemala. Todos ellos se dieron [&hellip;]
