{"id":16432,"date":"2024-11-15T08:51:41","date_gmt":"2024-11-15T07:51:41","guid":{"rendered":"https:\/\/alinvest-verde.eu\/?post_type=videos&#038;p=16432"},"modified":"2024-11-15T08:51:41","modified_gmt":"2024-11-15T07:51:41","slug":"cali-colombia-evento-paralelo-sobre-la-cadena-de-valor-del-cafe-en-la-cop16","status":"publish","type":"videos","link":"https:\/\/alinvest-verde.eu\/en_gb\/videos\/cali-colombia-evento-paralelo-sobre-la-cadena-de-valor-del-cafe-en-la-cop16\/","title":{"rendered":"Cali, Colombia - Coffee value chain side event at COP16"},"content":{"rendered":"<p class=\"wp-block-paragraph\">AL-INVEST Verde and the Delegation of the European Union in Colombia organised the event \"Sustainability and valorisation of the coffee value chain and its interaction with ecosystems\" at COP16 in Cali (Colombia).<\/p>","protected":false},"featured_media":0,"template":"","meta":[],"class_list":["post-16432","videos","type-videos","status-publish","hentry"],"yoast_head":"<!-- This site is optimized with the Yoast SEO plugin v28.4 - https:\/\/yoast.com\/product\/yoast-seo-wordpress\/ -->\n<title>Cali, Colombia - Evento paralelo sobre la cadena de valor del caf\u00e9 en la COP16 - Programme AL-INVEST Verde<\/title>\n<meta name=\"robots\" content=\"index, follow, max-snippet:-1, max-image-preview:large, max-video-preview:-1\" \/>\n<link rel=\"canonical\" href=\"https:\/\/alinvest-verde.eu\/en_gb\/videos\/cali-colombia-evento-paralelo-sobre-la-cadena-de-valor-del-cafe-en-la-cop16\/\" \/>\n<meta property=\"og:locale\" content=\"en_GB\" \/>\n<meta property=\"og:type\" content=\"article\" \/>\n<meta property=\"og:title\" content=\"Cali, Colombia - Evento paralelo sobre la cadena de valor del caf\u00e9 en la COP16 - Programme AL-INVEST Verde\" \/>\n<meta property=\"og:description\" content=\"AL-INVEST Verde y la Delegaci\u00f3n de la Uni\u00f3n Europea en Colombia organizaron en la COP16 en Cali (Colombia) el evento &#8220;La sostenibilidad y valorizaci\u00f3n de la cadena de valor del caf\u00e9 y su interacci\u00f3n con los ecosistemas&#8221;.\" \/>\n<meta property=\"og:url\" content=\"https:\/\/alinvest-verde.eu\/en_gb\/videos\/cali-colombia-evento-paralelo-sobre-la-cadena-de-valor-del-cafe-en-la-cop16\/\" \/>\n<meta property=\"og:site_name\" content=\"Programme AL-INVEST Verde\" \/>\n<meta property=\"og:image\" content=\"https:\/\/alinvest-verde.eu\/wp-content\/uploads\/2022\/05\/money-g931d55623_1920.jpg\" \/>\n\t<meta property=\"og:image:width\" content=\"1920\" \/>\n\t<meta property=\"og:image:height\" content=\"960\" \/>\n\t<meta property=\"og:image:type\" content=\"image\/jpeg\" \/>\n<meta name=\"twitter:card\" content=\"summary_large_image\" \/>\n<meta name=\"twitter:label1\" content=\"Estimated reading time\" \/>\n\t<meta name=\"twitter:data1\" content=\"1 minute\" \/>\n<script type=\"application\/ld+json\" class=\"yoast-schema-graph\">{\"@context\":\"https:\\\/\\\/schema.org\",\"@graph\":[{\"@type\":\"WebPage\",\"@id\":\"https:\\\/\\\/alinvest-verde.eu\\\/videos\\\/cali-colombia-evento-paralelo-sobre-la-cadena-de-valor-del-cafe-en-la-cop16\\\/\",\"url\":\"https:\\\/\\\/alinvest-verde.eu\\\/videos\\\/cali-colombia-evento-paralelo-sobre-la-cadena-de-valor-del-cafe-en-la-cop16\\\/\",\"name\":\"Cali, Colombia - Evento paralelo sobre la cadena de valor del caf\u00e9 en la COP16 - Programme AL-INVEST Verde\",\"isPartOf\":{\"@id\":\"https:\\\/\\\/alinvest-verde.eu\\\/#website\"},\"datePublished\":\"2024-11-15T07:51:41+00:00\",\"breadcrumb\":{\"@id\":\"https:\\\/\\\/alinvest-verde.eu\\\/videos\\\/cali-colombia-evento-paralelo-sobre-la-cadena-de-valor-del-cafe-en-la-cop16\\\/#breadcrumb\"},\"inLanguage\":\"en-GB\",\"potentialAction\":[{\"@type\":\"ReadAction\",\"target\":[\"https:\\\/\\\/alinvest-verde.eu\\\/videos\\\/cali-colombia-evento-paralelo-sobre-la-cadena-de-valor-del-cafe-en-la-cop16\\\/\"]}]},{\"@type\":\"BreadcrumbList\",\"@id\":\"https:\\\/\\\/alinvest-verde.eu\\\/videos\\\/cali-colombia-evento-paralelo-sobre-la-cadena-de-valor-del-cafe-en-la-cop16\\\/#breadcrumb\",\"itemListElement\":[{\"@type\":\"ListItem\",\"position\":1,\"name\":\"Inicio\",\"item\":\"https:\\\/\\\/alinvest-verde.eu\\\/\"},{\"@type\":\"ListItem\",\"position\":2,\"name\":\"Cali, Colombia &#8211; Evento paralelo sobre la cadena de valor del caf\u00e9 en la COP16\"}]},{\"@type\":\"WebSite\",\"@id\":\"https:\\\/\\\/alinvest-verde.eu\\\/#website\",\"url\":\"https:\\\/\\\/alinvest-verde.eu\\\/\",\"name\":\"Programme AL-INVEST Verde\",\"description\":\"Building alliances with the private sector in LA and promote sustainable growth and jobs creation by supporting the transition towards a low-carbon, resource-efficient economy\",\"publisher\":{\"@id\":\"https:\\\/\\\/alinvest-verde.eu\\\/#organization\"},\"potentialAction\":[{\"@type\":\"SearchAction\",\"target\":{\"@type\":\"EntryPoint\",\"urlTemplate\":\"https:\\\/\\\/alinvest-verde.eu\\\/?s={search_term_string}\"},\"query-input\":{\"@type\":\"PropertyValueSpecification\",\"valueRequired\":true,\"valueName\":\"search_term_string\"}}],\"inLanguage\":\"en-GB\"},{\"@type\":\"Organization\",\"@id\":\"https:\\\/\\\/alinvest-verde.eu\\\/#organization\",\"name\":\"Programme AL-INVEST Verde\",\"url\":\"https:\\\/\\\/alinvest-verde.eu\\\/\",\"logo\":{\"@type\":\"ImageObject\",\"inLanguage\":\"en-GB\",\"@id\":\"https:\\\/\\\/alinvest-verde.eu\\\/#\\\/schema\\\/logo\\\/image\\\/\",\"url\":\"https:\\\/\\\/alinvest-verde.eu\\\/wp-content\\\/uploads\\\/2022\\\/01\\\/cropped-logo-financiado-por-la-UE.jpg\",\"contentUrl\":\"https:\\\/\\\/alinvest-verde.eu\\\/wp-content\\\/uploads\\\/2022\\\/01\\\/cropped-logo-financiado-por-la-UE.jpg\",\"width\":756,\"height\":216,\"caption\":\"Programme AL-INVEST Verde\"},\"image\":{\"@id\":\"https:\\\/\\\/alinvest-verde.eu\\\/#\\\/schema\\\/logo\\\/image\\\/\"}}]}<\/script>\n<!-- \/ Yoast SEO plugin. -->","yoast_head_json":{"title":"Cali, Colombia - Evento paralelo sobre la cadena de valor del caf\u00e9 en la COP16 - Programme AL-INVEST Verde","robots":{"index":"index","follow":"follow","max-snippet":"max-snippet:-1","max-image-preview":"max-image-preview:large","max-video-preview":"max-video-preview:-1"},"canonical":"https:\/\/alinvest-verde.eu\/en_gb\/videos\/cali-colombia-evento-paralelo-sobre-la-cadena-de-valor-del-cafe-en-la-cop16\/","og_locale":"en_GB","og_type":"article","og_title":"Cali, Colombia - Evento paralelo sobre la cadena de valor del caf\u00e9 en la COP16 - Programme AL-INVEST Verde","og_description":"AL-INVEST Verde y la Delegaci\u00f3n de la Uni\u00f3n Europea en Colombia organizaron en la COP16 en Cali (Colombia) el evento &#8220;La sostenibilidad y valorizaci\u00f3n de la cadena de valor del caf\u00e9 y su interacci\u00f3n con los ecosistemas&#8221;.","og_url":"https:\/\/alinvest-verde.eu\/en_gb\/videos\/cali-colombia-evento-paralelo-sobre-la-cadena-de-valor-del-cafe-en-la-cop16\/","og_site_name":"Programme AL-INVEST Verde","og_image":[{"width":1920,"height":960,"url":"https:\/\/alinvest-verde.eu\/wp-content\/uploads\/2022\/05\/money-g931d55623_1920.jpg","type":"image\/jpeg"}],"twitter_card":"summary_large_image","twitter_misc":{"Estimated reading time":"1 minute"},"schema":{"@context":"https:\/\/schema.org","@graph":[{"@type":"WebPage","@id":"https:\/\/alinvest-verde.eu\/videos\/cali-colombia-evento-paralelo-sobre-la-cadena-de-valor-del-cafe-en-la-cop16\/","url":"https:\/\/alinvest-verde.eu\/videos\/cali-colombia-evento-paralelo-sobre-la-cadena-de-valor-del-cafe-en-la-cop16\/","name":"Cali, Colombia - Evento paralelo sobre la cadena de valor del caf\u00e9 en la COP16 - Programme AL-INVEST Verde","isPartOf":{"@id":"https:\/\/alinvest-verde.eu\/#website"},"datePublished":"2024-11-15T07:51:41+00:00","breadcrumb":{"@id":"https:\/\/alinvest-verde.eu\/videos\/cali-colombia-evento-paralelo-sobre-la-cadena-de-valor-del-cafe-en-la-cop16\/#breadcrumb"},"inLanguage":"en-GB","potentialAction":[{"@type":"ReadAction","target":["https:\/\/alinvest-verde.eu\/videos\/cali-colombia-evento-paralelo-sobre-la-cadena-de-valor-del-cafe-en-la-cop16\/"]}]},{"@type":"BreadcrumbList","@id":"https:\/\/alinvest-verde.eu\/videos\/cali-colombia-evento-paralelo-sobre-la-cadena-de-valor-del-cafe-en-la-cop16\/#breadcrumb","itemListElement":[{"@type":"ListItem","position":1,"name":"Inicio","item":"https:\/\/alinvest-verde.eu\/"},{"@type":"ListItem","position":2,"name":"Cali, Colombia &#8211; Evento paralelo sobre la cadena de valor del caf\u00e9 en la COP16"}]},{"@type":"WebSite","@id":"https:\/\/alinvest-verde.eu\/#website","url":"https:\/\/alinvest-verde.eu\/","name":"Programme AL-INVEST Verde","description":"Building alliances with the private sector in LA and promote sustainable growth and jobs creation by supporting the transition towards a low-carbon, resource-efficient economy","publisher":{"@id":"https:\/\/alinvest-verde.eu\/#organization"},"potentialAction":[{"@type":"SearchAction","target":{"@type":"EntryPoint","urlTemplate":"https:\/\/alinvest-verde.eu\/?s={search_term_string}"},"query-input":{"@type":"PropertyValueSpecification","valueRequired":true,"valueName":"search_term_string"}}],"inLanguage":"en-GB"},{"@type":"Organization","@id":"https:\/\/alinvest-verde.eu\/#organization","name":"Programme AL-INVEST Verde","url":"https:\/\/alinvest-verde.eu\/","logo":{"@type":"ImageObject","inLanguage":"en-GB","@id":"https:\/\/alinvest-verde.eu\/#\/schema\/logo\/image\/","url":"https:\/\/alinvest-verde.eu\/wp-content\/uploads\/2022\/01\/cropped-logo-financiado-por-la-UE.jpg","contentUrl":"https:\/\/alinvest-verde.eu\/wp-content\/uploads\/2022\/01\/cropped-logo-financiado-por-la-UE.jpg","width":756,"height":216,"caption":"Programme AL-INVEST Verde"},"image":{"@id":"https:\/\/alinvest-verde.eu\/#\/schema\/logo\/image\/"}}]}},"_links":{"self":[{"href":"https:\/\/alinvest-verde.eu\/en_gb\/wp-json\/wp\/v2\/videos\/16432","targetHints":{"allow":["GET"]}}],"collection":[{"href":"https:\/\/alinvest-verde.eu\/en_gb\/wp-json\/wp\/v2\/videos"}],"about":[{"href":"https:\/\/alinvest-verde.eu\/en_gb\/wp-json\/wp\/v2\/types\/videos"}],"wp:attachment":[{"href":"https:\/\/alinvest-verde.eu\/en_gb\/wp-json\/wp\/v2\/media?parent=16432"}],"curies":[{"name":"wp","href":"https:\/\/api.w.org\/{rel}","templated":true}]}}

<!-- This site is optimized with the Yoast SEO plugin v28.4 - https://yoast.com/product/yoast-seo-wordpress/ -->
<title>Cali, Colombia - Evento paralelo sobre la cadena de valor del café en la COP16 - Programme AL-INVEST Verde</title>
<meta name="robots" content="index, follow, max-snippet:-1, max-image-preview:large, max-video-preview:-1" />
<link rel="canonical" href="https://alinvest-verde.eu/en_gb/videos/cali-colombia-evento-paralelo-sobre-la-cadena-de-valor-del-cafe-en-la-cop16/" />
<meta property="og:locale" content="en_GB" />
<meta property="og:type" content="article" />
<meta property="og:title" content="Cali, Colombia - Evento paralelo sobre la cadena de valor del café en la COP16 - Programme AL-INVEST Verde" />
<meta property="og:description" content="AL-INVEST Verde y la Delegación de la Unión Europea en Colombia organizaron en la COP16 en Cali (Colombia) el evento &#8220;La sostenibilidad y valorización de la cadena de valor del café y su interacción con los ecosistemas&#8221;." />
<meta property="og:url" content="https://alinvest-verde.eu/en_gb/videos/cali-colombia-evento-paralelo-sobre-la-cadena-de-valor-del-cafe-en-la-cop16/" />
<meta property="og:site_name" content="Programme AL-INVEST Verde" />
<meta property="og:image" content="https://alinvest-verde.eu/wp-content/uploads/2022/05/money-g931d55623_1920.jpg" />
	<meta property="og:image:width" content="1920" />
	<meta property="og:image:height" content="960" />
	<meta property="og:image:type" content="image/jpeg" />
<meta name="twitter:card" content="summary_large_image" />
<meta name="twitter:label1" content="Estimated reading time" />
	<meta name="twitter:data1" content="1 minute" />
<script type="application/ld+json" class="yoast-schema-graph">{"@context":"https:\/\/schema.org","@graph":[{"@type":"WebPage","@id":"https:\/\/alinvest-verde.eu\/videos\/cali-colombia-evento-paralelo-sobre-la-cadena-de-valor-del-cafe-en-la-cop16\/","url":"https:\/\/alinvest-verde.eu\/videos\/cali-colombia-evento-paralelo-sobre-la-cadena-de-valor-del-cafe-en-la-cop16\/","name":"Cali, Colombia - Evento paralelo sobre la cadena de valor del café en la COP16 - Programme AL-INVEST Verde","isPartOf":{"@id":"https:\/\/alinvest-verde.eu\/#website"},"datePublished":"2024-11-15T07:51:41+00:00","breadcrumb":{"@id":"https:\/\/alinvest-verde.eu\/videos\/cali-colombia-evento-paralelo-sobre-la-cadena-de-valor-del-cafe-en-la-cop16\/#breadcrumb"},"inLanguage":"en-GB","potentialAction":[{"@type":"ReadAction","target":["https:\/\/alinvest-verde.eu\/videos\/cali-colombia-evento-paralelo-sobre-la-cadena-de-valor-del-cafe-en-la-cop16\/"]}]},{"@type":"BreadcrumbList","@id":"https:\/\/alinvest-verde.eu\/videos\/cali-colombia-evento-paralelo-sobre-la-cadena-de-valor-del-cafe-en-la-cop16\/#breadcrumb","itemListElement":[{"@type":"ListItem","position":1,"name":"Inicio","item":"https:\/\/alinvest-verde.eu\/"},{"@type":"ListItem","position":2,"name":"Cali, Colombia &#8211; Evento paralelo sobre la cadena de valor del café en la COP16"}]},{"@type":"WebSite","@id":"https:\/\/alinvest-verde.eu\/#website","url":"https:\/\/alinvest-verde.eu\/","name":"Programme AL-INVEST Verde","description":"Building alliances with the private sector in LA and promote sustainable growth and jobs creation by supporting the transition towards a low-carbon, resource-efficient economy","publisher":{"@id":"https:\/\/alinvest-verde.eu\/#organization"},"potentialAction":[{"@type":"SearchAction","target":{"@type":"EntryPoint","urlTemplate":"https:\/\/alinvest-verde.eu\/?s={search_term_string}"},"query-input":{"@type":"PropertyValueSpecification","valueRequired":true,"valueName":"search_term_string"}}],"inLanguage":"en-GB"},{"@type":"Organization","@id":"https:\/\/alinvest-verde.eu\/#organization","name":"Programme AL-INVEST Verde","url":"https:\/\/alinvest-verde.eu\/","logo":{"@type":"ImageObject","inLanguage":"en-GB","@id":"https:\/\/alinvest-verde.eu\/#\/schema\/logo\/image\/","url":"https:\/\/alinvest-verde.eu\/wp-content\/uploads\/2022\/01\/cropped-logo-financiado-por-la-UE.jpg","contentUrl":"https:\/\/alinvest-verde.eu\/wp-content\/uploads\/2022\/01\/cropped-logo-financiado-por-la-UE.jpg","width":756,"height":216,"caption":"Programme AL-INVEST Verde"},"image":{"@id":"https:\/\/alinvest-verde.eu\/#\/schema\/logo\/image\/"}}]}</script>
<!-- / Yoast SEO plugin. -->

Cali, Colombia - Evento paralelo sobre la cadena de valor del café en la COP16 - Programme AL-INVEST Verde

AL-INVEST Verde y la Delegación de la Unión Europea en Colombia organizaron en la COP16 en Cali (Colombia) el evento &#8220;La sostenibilidad y valorización de la cadena de valor del café y su interacción con los ecosistemas&#8221;.

Cali, Colombia &#8211; Evento paralelo sobre la cadena de valor del café en la COP16
