{"id":20809,"date":"2026-03-04T16:02:48","date_gmt":"2026-03-04T15:02:48","guid":{"rendered":"https:\/\/alinvest-verde.eu\/?post_type=videos&#038;p=20809"},"modified":"2026-03-04T16:23:38","modified_gmt":"2026-03-04T15:23:38","slug":"ii-dialogo-agroalimentario-ue-alc","status":"publish","type":"videos","link":"https:\/\/alinvest-verde.eu\/en_gb\/videos\/ii-dialogo-agroalimentario-ue-alc\/","title":{"rendered":"2nd EU-LAC Agri-Food Dialogue"},"content":{"rendered":"<p class=\"wp-block-paragraph\">The II EU-LAC Agri-Food Dialogue, organised by AL-INVEST Verde in collaboration with the Inter-American Institute for Cooperation on Agriculture (IICA), was held in San Jos\u00e9 (Costa Rica) on 25 June. On the 26th, the facilities of the Tropical Agricultural Research and Higher Education Centre (CATIE) in Turrialba were visited.<\/p>\n\n\n\n<p class=\"wp-block-paragraph\"><\/p>","protected":false},"featured_media":0,"template":"","meta":[],"class_list":["post-20809","videos","type-videos","status-publish","hentry"],"yoast_head":"<!-- This site is optimized with the Yoast SEO plugin v28.4 - https:\/\/yoast.com\/product\/yoast-seo-wordpress\/ -->\n<title>II Di\u00e1logo agroalimentario UE-ALC - Programme AL-INVEST Verde<\/title>\n<meta name=\"robots\" content=\"index, follow, max-snippet:-1, max-image-preview:large, max-video-preview:-1\" \/>\n<link rel=\"canonical\" href=\"https:\/\/alinvest-verde.eu\/en_gb\/videos\/ii-dialogo-agroalimentario-ue-alc\/\" \/>\n<meta property=\"og:locale\" content=\"en_GB\" \/>\n<meta property=\"og:type\" content=\"article\" \/>\n<meta property=\"og:title\" content=\"II Di\u00e1logo agroalimentario UE-ALC - Programme AL-INVEST Verde\" \/>\n<meta property=\"og:description\" content=\"El 25 de junio se celebr\u00f3 en San Jos\u00e9 (Costa Rica) el II Di\u00e1logo agroalimentario UE-ALC, organizado por AL-INVEST Verde en colaboraci\u00f3n con el Instituto Interamericano de Cooperaci\u00f3n para la Agricultura (IICA). El d\u00eda 26 se visitaron las instalaciones del Centro Agron\u00f3mico Tropical de Investigaci\u00f3n y Ense\u00f1anza (CATIE) en Turrialba.\" \/>\n<meta property=\"og:url\" content=\"https:\/\/alinvest-verde.eu\/en_gb\/videos\/ii-dialogo-agroalimentario-ue-alc\/\" \/>\n<meta property=\"og:site_name\" content=\"Programme AL-INVEST Verde\" \/>\n<meta property=\"article:modified_time\" content=\"2026-03-04T15:23:38+00:00\" \/>\n<meta property=\"og:image\" content=\"https:\/\/alinvest-verde.eu\/wp-content\/uploads\/2022\/05\/money-g931d55623_1920.jpg\" \/>\n\t<meta property=\"og:image:width\" content=\"1920\" \/>\n\t<meta property=\"og:image:height\" content=\"960\" \/>\n\t<meta property=\"og:image:type\" content=\"image\/jpeg\" \/>\n<meta name=\"twitter:card\" content=\"summary_large_image\" \/>\n<meta name=\"twitter:label1\" content=\"Estimated reading time\" \/>\n\t<meta name=\"twitter:data1\" content=\"1 minute\" \/>\n<script type=\"application\/ld+json\" class=\"yoast-schema-graph\">{\"@context\":\"https:\\\/\\\/schema.org\",\"@graph\":[{\"@type\":\"WebPage\",\"@id\":\"https:\\\/\\\/alinvest-verde.eu\\\/videos\\\/ii-dialogo-agroalimentario-ue-alc\\\/\",\"url\":\"https:\\\/\\\/alinvest-verde.eu\\\/videos\\\/ii-dialogo-agroalimentario-ue-alc\\\/\",\"name\":\"II Di\u00e1logo agroalimentario UE-ALC - Programme AL-INVEST Verde\",\"isPartOf\":{\"@id\":\"https:\\\/\\\/alinvest-verde.eu\\\/#website\"},\"datePublished\":\"2026-03-04T15:02:48+00:00\",\"dateModified\":\"2026-03-04T15:23:38+00:00\",\"breadcrumb\":{\"@id\":\"https:\\\/\\\/alinvest-verde.eu\\\/videos\\\/ii-dialogo-agroalimentario-ue-alc\\\/#breadcrumb\"},\"inLanguage\":\"en-GB\",\"potentialAction\":[{\"@type\":\"ReadAction\",\"target\":[\"https:\\\/\\\/alinvest-verde.eu\\\/videos\\\/ii-dialogo-agroalimentario-ue-alc\\\/\"]}]},{\"@type\":\"BreadcrumbList\",\"@id\":\"https:\\\/\\\/alinvest-verde.eu\\\/videos\\\/ii-dialogo-agroalimentario-ue-alc\\\/#breadcrumb\",\"itemListElement\":[{\"@type\":\"ListItem\",\"position\":1,\"name\":\"Inicio\",\"item\":\"https:\\\/\\\/alinvest-verde.eu\\\/\"},{\"@type\":\"ListItem\",\"position\":2,\"name\":\"II Di\u00e1logo agroalimentario UE-ALC\"}]},{\"@type\":\"WebSite\",\"@id\":\"https:\\\/\\\/alinvest-verde.eu\\\/#website\",\"url\":\"https:\\\/\\\/alinvest-verde.eu\\\/\",\"name\":\"Programme AL-INVEST Verde\",\"description\":\"Building alliances with the private sector in LA and promote sustainable growth and jobs creation by supporting the transition towards a low-carbon, resource-efficient economy\",\"publisher\":{\"@id\":\"https:\\\/\\\/alinvest-verde.eu\\\/#organization\"},\"potentialAction\":[{\"@type\":\"SearchAction\",\"target\":{\"@type\":\"EntryPoint\",\"urlTemplate\":\"https:\\\/\\\/alinvest-verde.eu\\\/?s={search_term_string}\"},\"query-input\":{\"@type\":\"PropertyValueSpecification\",\"valueRequired\":true,\"valueName\":\"search_term_string\"}}],\"inLanguage\":\"en-GB\"},{\"@type\":\"Organization\",\"@id\":\"https:\\\/\\\/alinvest-verde.eu\\\/#organization\",\"name\":\"Programme AL-INVEST Verde\",\"url\":\"https:\\\/\\\/alinvest-verde.eu\\\/\",\"logo\":{\"@type\":\"ImageObject\",\"inLanguage\":\"en-GB\",\"@id\":\"https:\\\/\\\/alinvest-verde.eu\\\/#\\\/schema\\\/logo\\\/image\\\/\",\"url\":\"https:\\\/\\\/alinvest-verde.eu\\\/wp-content\\\/uploads\\\/2022\\\/01\\\/cropped-logo-financiado-por-la-UE.jpg\",\"contentUrl\":\"https:\\\/\\\/alinvest-verde.eu\\\/wp-content\\\/uploads\\\/2022\\\/01\\\/cropped-logo-financiado-por-la-UE.jpg\",\"width\":756,\"height\":216,\"caption\":\"Programme AL-INVEST Verde\"},\"image\":{\"@id\":\"https:\\\/\\\/alinvest-verde.eu\\\/#\\\/schema\\\/logo\\\/image\\\/\"}}]}<\/script>\n<!-- \/ Yoast SEO plugin. -->","yoast_head_json":{"title":"II Di\u00e1logo agroalimentario UE-ALC - Programme AL-INVEST Verde","robots":{"index":"index","follow":"follow","max-snippet":"max-snippet:-1","max-image-preview":"max-image-preview:large","max-video-preview":"max-video-preview:-1"},"canonical":"https:\/\/alinvest-verde.eu\/en_gb\/videos\/ii-dialogo-agroalimentario-ue-alc\/","og_locale":"en_GB","og_type":"article","og_title":"II Di\u00e1logo agroalimentario UE-ALC - Programme AL-INVEST Verde","og_description":"El 25 de junio se celebr\u00f3 en San Jos\u00e9 (Costa Rica) el II Di\u00e1logo agroalimentario UE-ALC, organizado por AL-INVEST Verde en colaboraci\u00f3n con el Instituto Interamericano de Cooperaci\u00f3n para la Agricultura (IICA). El d\u00eda 26 se visitaron las instalaciones del Centro Agron\u00f3mico Tropical de Investigaci\u00f3n y Ense\u00f1anza (CATIE) en Turrialba.","og_url":"https:\/\/alinvest-verde.eu\/en_gb\/videos\/ii-dialogo-agroalimentario-ue-alc\/","og_site_name":"Programme AL-INVEST Verde","article_modified_time":"2026-03-04T15:23:38+00:00","og_image":[{"width":1920,"height":960,"url":"https:\/\/alinvest-verde.eu\/wp-content\/uploads\/2022\/05\/money-g931d55623_1920.jpg","type":"image\/jpeg"}],"twitter_card":"summary_large_image","twitter_misc":{"Estimated reading time":"1 minute"},"schema":{"@context":"https:\/\/schema.org","@graph":[{"@type":"WebPage","@id":"https:\/\/alinvest-verde.eu\/videos\/ii-dialogo-agroalimentario-ue-alc\/","url":"https:\/\/alinvest-verde.eu\/videos\/ii-dialogo-agroalimentario-ue-alc\/","name":"II Di\u00e1logo agroalimentario UE-ALC - Programme AL-INVEST Verde","isPartOf":{"@id":"https:\/\/alinvest-verde.eu\/#website"},"datePublished":"2026-03-04T15:02:48+00:00","dateModified":"2026-03-04T15:23:38+00:00","breadcrumb":{"@id":"https:\/\/alinvest-verde.eu\/videos\/ii-dialogo-agroalimentario-ue-alc\/#breadcrumb"},"inLanguage":"en-GB","potentialAction":[{"@type":"ReadAction","target":["https:\/\/alinvest-verde.eu\/videos\/ii-dialogo-agroalimentario-ue-alc\/"]}]},{"@type":"BreadcrumbList","@id":"https:\/\/alinvest-verde.eu\/videos\/ii-dialogo-agroalimentario-ue-alc\/#breadcrumb","itemListElement":[{"@type":"ListItem","position":1,"name":"Inicio","item":"https:\/\/alinvest-verde.eu\/"},{"@type":"ListItem","position":2,"name":"II Di\u00e1logo agroalimentario UE-ALC"}]},{"@type":"WebSite","@id":"https:\/\/alinvest-verde.eu\/#website","url":"https:\/\/alinvest-verde.eu\/","name":"Programme AL-INVEST Verde","description":"Building alliances with the private sector in LA and promote sustainable growth and jobs creation by supporting the transition towards a low-carbon, resource-efficient economy","publisher":{"@id":"https:\/\/alinvest-verde.eu\/#organization"},"potentialAction":[{"@type":"SearchAction","target":{"@type":"EntryPoint","urlTemplate":"https:\/\/alinvest-verde.eu\/?s={search_term_string}"},"query-input":{"@type":"PropertyValueSpecification","valueRequired":true,"valueName":"search_term_string"}}],"inLanguage":"en-GB"},{"@type":"Organization","@id":"https:\/\/alinvest-verde.eu\/#organization","name":"Programme AL-INVEST Verde","url":"https:\/\/alinvest-verde.eu\/","logo":{"@type":"ImageObject","inLanguage":"en-GB","@id":"https:\/\/alinvest-verde.eu\/#\/schema\/logo\/image\/","url":"https:\/\/alinvest-verde.eu\/wp-content\/uploads\/2022\/01\/cropped-logo-financiado-por-la-UE.jpg","contentUrl":"https:\/\/alinvest-verde.eu\/wp-content\/uploads\/2022\/01\/cropped-logo-financiado-por-la-UE.jpg","width":756,"height":216,"caption":"Programme AL-INVEST Verde"},"image":{"@id":"https:\/\/alinvest-verde.eu\/#\/schema\/logo\/image\/"}}]}},"_links":{"self":[{"href":"https:\/\/alinvest-verde.eu\/en_gb\/wp-json\/wp\/v2\/videos\/20809","targetHints":{"allow":["GET"]}}],"collection":[{"href":"https:\/\/alinvest-verde.eu\/en_gb\/wp-json\/wp\/v2\/videos"}],"about":[{"href":"https:\/\/alinvest-verde.eu\/en_gb\/wp-json\/wp\/v2\/types\/videos"}],"wp:attachment":[{"href":"https:\/\/alinvest-verde.eu\/en_gb\/wp-json\/wp\/v2\/media?parent=20809"}],"curies":[{"name":"wp","href":"https:\/\/api.w.org\/{rel}","templated":true}]}}

<p class="wp-block-paragraph">The II EU-LAC Agri-Food Dialogue, organised by AL-INVEST Verde in collaboration with the Inter-American Institute for Cooperation on Agriculture (IICA), was held in San José (Costa Rica) on 25 June. On the 26th, the facilities of the Tropical Agricultural Research and Higher Education Centre (CATIE) in Turrialba were visited.</p>



<p class="wp-block-paragraph"></p>

<!-- This site is optimized with the Yoast SEO plugin v28.4 - https://yoast.com/product/yoast-seo-wordpress/ -->
<title>II Diálogo agroalimentario UE-ALC - Programme AL-INVEST Verde</title>
<meta name="robots" content="index, follow, max-snippet:-1, max-image-preview:large, max-video-preview:-1" />
<link rel="canonical" href="https://alinvest-verde.eu/en_gb/videos/ii-dialogo-agroalimentario-ue-alc/" />
<meta property="og:locale" content="en_GB" />
<meta property="og:type" content="article" />
<meta property="og:title" content="II Diálogo agroalimentario UE-ALC - Programme AL-INVEST Verde" />
<meta property="og:description" content="El 25 de junio se celebró en San José (Costa Rica) el II Diálogo agroalimentario UE-ALC, organizado por AL-INVEST Verde en colaboración con el Instituto Interamericano de Cooperación para la Agricultura (IICA). El día 26 se visitaron las instalaciones del Centro Agronómico Tropical de Investigación y Enseñanza (CATIE) en Turrialba." />
<meta property="og:url" content="https://alinvest-verde.eu/en_gb/videos/ii-dialogo-agroalimentario-ue-alc/" />
<meta property="og:site_name" content="Programme AL-INVEST Verde" />
<meta property="article:modified_time" content="2026-03-04T15:23:38+00:00" />
<meta property="og:image" content="https://alinvest-verde.eu/wp-content/uploads/2022/05/money-g931d55623_1920.jpg" />
	<meta property="og:image:width" content="1920" />
	<meta property="og:image:height" content="960" />
	<meta property="og:image:type" content="image/jpeg" />
<meta name="twitter:card" content="summary_large_image" />
<meta name="twitter:label1" content="Estimated reading time" />
	<meta name="twitter:data1" content="1 minute" />
<script type="application/ld+json" class="yoast-schema-graph">{"@context":"https:\/\/schema.org","@graph":[{"@type":"WebPage","@id":"https:\/\/alinvest-verde.eu\/videos\/ii-dialogo-agroalimentario-ue-alc\/","url":"https:\/\/alinvest-verde.eu\/videos\/ii-dialogo-agroalimentario-ue-alc\/","name":"II Diálogo agroalimentario UE-ALC - Programme AL-INVEST Verde","isPartOf":{"@id":"https:\/\/alinvest-verde.eu\/#website"},"datePublished":"2026-03-04T15:02:48+00:00","dateModified":"2026-03-04T15:23:38+00:00","breadcrumb":{"@id":"https:\/\/alinvest-verde.eu\/videos\/ii-dialogo-agroalimentario-ue-alc\/#breadcrumb"},"inLanguage":"en-GB","potentialAction":[{"@type":"ReadAction","target":["https:\/\/alinvest-verde.eu\/videos\/ii-dialogo-agroalimentario-ue-alc\/"]}]},{"@type":"BreadcrumbList","@id":"https:\/\/alinvest-verde.eu\/videos\/ii-dialogo-agroalimentario-ue-alc\/#breadcrumb","itemListElement":[{"@type":"ListItem","position":1,"name":"Inicio","item":"https:\/\/alinvest-verde.eu\/"},{"@type":"ListItem","position":2,"name":"II Diálogo agroalimentario UE-ALC"}]},{"@type":"WebSite","@id":"https:\/\/alinvest-verde.eu\/#website","url":"https:\/\/alinvest-verde.eu\/","name":"Programme AL-INVEST Verde","description":"Building alliances with the private sector in LA and promote sustainable growth and jobs creation by supporting the transition towards a low-carbon, resource-efficient economy","publisher":{"@id":"https:\/\/alinvest-verde.eu\/#organization"},"potentialAction":[{"@type":"SearchAction","target":{"@type":"EntryPoint","urlTemplate":"https:\/\/alinvest-verde.eu\/?s={search_term_string}"},"query-input":{"@type":"PropertyValueSpecification","valueRequired":true,"valueName":"search_term_string"}}],"inLanguage":"en-GB"},{"@type":"Organization","@id":"https:\/\/alinvest-verde.eu\/#organization","name":"Programme AL-INVEST Verde","url":"https:\/\/alinvest-verde.eu\/","logo":{"@type":"ImageObject","inLanguage":"en-GB","@id":"https:\/\/alinvest-verde.eu\/#\/schema\/logo\/image\/","url":"https:\/\/alinvest-verde.eu\/wp-content\/uploads\/2022\/01\/cropped-logo-financiado-por-la-UE.jpg","contentUrl":"https:\/\/alinvest-verde.eu\/wp-content\/uploads\/2022\/01\/cropped-logo-financiado-por-la-UE.jpg","width":756,"height":216,"caption":"Programme AL-INVEST Verde"},"image":{"@id":"https:\/\/alinvest-verde.eu\/#\/schema\/logo\/image\/"}}]}</script>
<!-- / Yoast SEO plugin. -->

II Diálogo agroalimentario UE-ALC - Programme AL-INVEST Verde

El 25 de junio se celebró en San José (Costa Rica) el II Diálogo agroalimentario UE-ALC, organizado por AL-INVEST Verde en colaboración con el Instituto Interamericano de Cooperación para la Agricultura (IICA). El día 26 se visitaron las instalaciones del Centro Agronómico Tropical de Investigación y Enseñanza (CATIE) en Turrialba.

II Diálogo agroalimentario UE-ALC
