{"id":21697,"date":"2026-07-02T23:07:55","date_gmt":"2026-07-02T21:07:55","guid":{"rendered":"https:\/\/alinvest-verde.eu\/?post_type=videos&#038;p=21697"},"modified":"2026-07-02T23:07:55","modified_gmt":"2026-07-02T21:07:55","slug":"impulsando-la-transicion-sostenible-del-sector-privado","status":"publish","type":"videos","link":"https:\/\/alinvest-verde.eu\/en_gb\/videos\/impulsando-la-transicion-sostenible-del-sector-privado\/","title":{"rendered":"Driving the private sector\u2019s sustainable transition"},"content":{"rendered":"<p class=\"wp-block-paragraph\">Through the AL-INVEST Verde Private Sector Support Component, business organisations in Europe and Latin America have worked together to strengthen the competitiveness of MSMEs, promote innovation, drive the circular economy and foster more sustainable and resilient value chains.<\/p>","protected":false},"featured_media":0,"template":"","meta":[],"class_list":["post-21697","videos","type-videos","status-publish","hentry"],"yoast_head":"<!-- This site is optimized with the Yoast SEO plugin v28.4 - https:\/\/yoast.com\/product\/yoast-seo-wordpress\/ -->\n<title>Impulsando la transici\u00f3n sostenible del sector privado - Programme AL-INVEST Verde<\/title>\n<meta name=\"robots\" content=\"index, follow, max-snippet:-1, max-image-preview:large, max-video-preview:-1\" \/>\n<link rel=\"canonical\" href=\"https:\/\/alinvest-verde.eu\/en_gb\/videos\/impulsando-la-transicion-sostenible-del-sector-privado\/\" \/>\n<meta property=\"og:locale\" content=\"en_GB\" \/>\n<meta property=\"og:type\" content=\"article\" \/>\n<meta property=\"og:title\" content=\"Impulsando la transici\u00f3n sostenible del sector privado - Programme AL-INVEST Verde\" \/>\n<meta property=\"og:description\" content=\"A trav\u00e9s del Componente de Apoyo al Sector Privado de AL-INVEST Verde, organizaciones empresariales de Europa y Am\u00e9rica Latina han trabajado conjuntamente para fortalecer la competitividad de las mipymes, promover la innovaci\u00f3n, impulsar la econom\u00eda circular y fomentar cadenas de valor m\u00e1s sostenibles y resilientes.\" \/>\n<meta property=\"og:url\" content=\"https:\/\/alinvest-verde.eu\/en_gb\/videos\/impulsando-la-transicion-sostenible-del-sector-privado\/\" \/>\n<meta property=\"og:site_name\" content=\"Programme AL-INVEST Verde\" \/>\n<meta property=\"og:image\" content=\"https:\/\/alinvest-verde.eu\/wp-content\/uploads\/2022\/05\/money-g931d55623_1920.jpg\" \/>\n\t<meta property=\"og:image:width\" content=\"1920\" \/>\n\t<meta property=\"og:image:height\" content=\"960\" \/>\n\t<meta property=\"og:image:type\" content=\"image\/jpeg\" \/>\n<meta name=\"twitter:card\" content=\"summary_large_image\" \/>\n<meta name=\"twitter:label1\" content=\"Estimated reading time\" \/>\n\t<meta name=\"twitter:data1\" content=\"1 minute\" \/>\n<script type=\"application\/ld+json\" class=\"yoast-schema-graph\">{\"@context\":\"https:\\\/\\\/schema.org\",\"@graph\":[{\"@type\":\"WebPage\",\"@id\":\"https:\\\/\\\/alinvest-verde.eu\\\/videos\\\/impulsando-la-transicion-sostenible-del-sector-privado\\\/\",\"url\":\"https:\\\/\\\/alinvest-verde.eu\\\/videos\\\/impulsando-la-transicion-sostenible-del-sector-privado\\\/\",\"name\":\"Impulsando la transici\u00f3n sostenible del sector privado - Programme AL-INVEST Verde\",\"isPartOf\":{\"@id\":\"https:\\\/\\\/alinvest-verde.eu\\\/#website\"},\"datePublished\":\"2026-07-02T21:07:55+00:00\",\"breadcrumb\":{\"@id\":\"https:\\\/\\\/alinvest-verde.eu\\\/videos\\\/impulsando-la-transicion-sostenible-del-sector-privado\\\/#breadcrumb\"},\"inLanguage\":\"en-GB\",\"potentialAction\":[{\"@type\":\"ReadAction\",\"target\":[\"https:\\\/\\\/alinvest-verde.eu\\\/videos\\\/impulsando-la-transicion-sostenible-del-sector-privado\\\/\"]}]},{\"@type\":\"BreadcrumbList\",\"@id\":\"https:\\\/\\\/alinvest-verde.eu\\\/videos\\\/impulsando-la-transicion-sostenible-del-sector-privado\\\/#breadcrumb\",\"itemListElement\":[{\"@type\":\"ListItem\",\"position\":1,\"name\":\"Inicio\",\"item\":\"https:\\\/\\\/alinvest-verde.eu\\\/\"},{\"@type\":\"ListItem\",\"position\":2,\"name\":\"Impulsando la transici\u00f3n sostenible del sector privado\"}]},{\"@type\":\"WebSite\",\"@id\":\"https:\\\/\\\/alinvest-verde.eu\\\/#website\",\"url\":\"https:\\\/\\\/alinvest-verde.eu\\\/\",\"name\":\"Programme AL-INVEST Verde\",\"description\":\"Building alliances with the private sector in LA and promote sustainable growth and jobs creation by supporting the transition towards a low-carbon, resource-efficient economy\",\"publisher\":{\"@id\":\"https:\\\/\\\/alinvest-verde.eu\\\/#organization\"},\"potentialAction\":[{\"@type\":\"SearchAction\",\"target\":{\"@type\":\"EntryPoint\",\"urlTemplate\":\"https:\\\/\\\/alinvest-verde.eu\\\/?s={search_term_string}\"},\"query-input\":{\"@type\":\"PropertyValueSpecification\",\"valueRequired\":true,\"valueName\":\"search_term_string\"}}],\"inLanguage\":\"en-GB\"},{\"@type\":\"Organization\",\"@id\":\"https:\\\/\\\/alinvest-verde.eu\\\/#organization\",\"name\":\"Programme AL-INVEST Verde\",\"url\":\"https:\\\/\\\/alinvest-verde.eu\\\/\",\"logo\":{\"@type\":\"ImageObject\",\"inLanguage\":\"en-GB\",\"@id\":\"https:\\\/\\\/alinvest-verde.eu\\\/#\\\/schema\\\/logo\\\/image\\\/\",\"url\":\"https:\\\/\\\/alinvest-verde.eu\\\/wp-content\\\/uploads\\\/2022\\\/01\\\/cropped-logo-financiado-por-la-UE.jpg\",\"contentUrl\":\"https:\\\/\\\/alinvest-verde.eu\\\/wp-content\\\/uploads\\\/2022\\\/01\\\/cropped-logo-financiado-por-la-UE.jpg\",\"width\":756,\"height\":216,\"caption\":\"Programme AL-INVEST Verde\"},\"image\":{\"@id\":\"https:\\\/\\\/alinvest-verde.eu\\\/#\\\/schema\\\/logo\\\/image\\\/\"}}]}<\/script>\n<!-- \/ Yoast SEO plugin. -->","yoast_head_json":{"title":"Impulsando la transici\u00f3n sostenible del sector privado - Programme AL-INVEST Verde","robots":{"index":"index","follow":"follow","max-snippet":"max-snippet:-1","max-image-preview":"max-image-preview:large","max-video-preview":"max-video-preview:-1"},"canonical":"https:\/\/alinvest-verde.eu\/en_gb\/videos\/impulsando-la-transicion-sostenible-del-sector-privado\/","og_locale":"en_GB","og_type":"article","og_title":"Impulsando la transici\u00f3n sostenible del sector privado - Programme AL-INVEST Verde","og_description":"A trav\u00e9s del Componente de Apoyo al Sector Privado de AL-INVEST Verde, organizaciones empresariales de Europa y Am\u00e9rica Latina han trabajado conjuntamente para fortalecer la competitividad de las mipymes, promover la innovaci\u00f3n, impulsar la econom\u00eda circular y fomentar cadenas de valor m\u00e1s sostenibles y resilientes.","og_url":"https:\/\/alinvest-verde.eu\/en_gb\/videos\/impulsando-la-transicion-sostenible-del-sector-privado\/","og_site_name":"Programme AL-INVEST Verde","og_image":[{"width":1920,"height":960,"url":"https:\/\/alinvest-verde.eu\/wp-content\/uploads\/2022\/05\/money-g931d55623_1920.jpg","type":"image\/jpeg"}],"twitter_card":"summary_large_image","twitter_misc":{"Estimated reading time":"1 minute"},"schema":{"@context":"https:\/\/schema.org","@graph":[{"@type":"WebPage","@id":"https:\/\/alinvest-verde.eu\/videos\/impulsando-la-transicion-sostenible-del-sector-privado\/","url":"https:\/\/alinvest-verde.eu\/videos\/impulsando-la-transicion-sostenible-del-sector-privado\/","name":"Impulsando la transici\u00f3n sostenible del sector privado - Programme AL-INVEST Verde","isPartOf":{"@id":"https:\/\/alinvest-verde.eu\/#website"},"datePublished":"2026-07-02T21:07:55+00:00","breadcrumb":{"@id":"https:\/\/alinvest-verde.eu\/videos\/impulsando-la-transicion-sostenible-del-sector-privado\/#breadcrumb"},"inLanguage":"en-GB","potentialAction":[{"@type":"ReadAction","target":["https:\/\/alinvest-verde.eu\/videos\/impulsando-la-transicion-sostenible-del-sector-privado\/"]}]},{"@type":"BreadcrumbList","@id":"https:\/\/alinvest-verde.eu\/videos\/impulsando-la-transicion-sostenible-del-sector-privado\/#breadcrumb","itemListElement":[{"@type":"ListItem","position":1,"name":"Inicio","item":"https:\/\/alinvest-verde.eu\/"},{"@type":"ListItem","position":2,"name":"Impulsando la transici\u00f3n sostenible del sector privado"}]},{"@type":"WebSite","@id":"https:\/\/alinvest-verde.eu\/#website","url":"https:\/\/alinvest-verde.eu\/","name":"Programme AL-INVEST Verde","description":"Building alliances with the private sector in LA and promote sustainable growth and jobs creation by supporting the transition towards a low-carbon, resource-efficient economy","publisher":{"@id":"https:\/\/alinvest-verde.eu\/#organization"},"potentialAction":[{"@type":"SearchAction","target":{"@type":"EntryPoint","urlTemplate":"https:\/\/alinvest-verde.eu\/?s={search_term_string}"},"query-input":{"@type":"PropertyValueSpecification","valueRequired":true,"valueName":"search_term_string"}}],"inLanguage":"en-GB"},{"@type":"Organization","@id":"https:\/\/alinvest-verde.eu\/#organization","name":"Programme AL-INVEST Verde","url":"https:\/\/alinvest-verde.eu\/","logo":{"@type":"ImageObject","inLanguage":"en-GB","@id":"https:\/\/alinvest-verde.eu\/#\/schema\/logo\/image\/","url":"https:\/\/alinvest-verde.eu\/wp-content\/uploads\/2022\/01\/cropped-logo-financiado-por-la-UE.jpg","contentUrl":"https:\/\/alinvest-verde.eu\/wp-content\/uploads\/2022\/01\/cropped-logo-financiado-por-la-UE.jpg","width":756,"height":216,"caption":"Programme AL-INVEST Verde"},"image":{"@id":"https:\/\/alinvest-verde.eu\/#\/schema\/logo\/image\/"}}]}},"_links":{"self":[{"href":"https:\/\/alinvest-verde.eu\/en_gb\/wp-json\/wp\/v2\/videos\/21697","targetHints":{"allow":["GET"]}}],"collection":[{"href":"https:\/\/alinvest-verde.eu\/en_gb\/wp-json\/wp\/v2\/videos"}],"about":[{"href":"https:\/\/alinvest-verde.eu\/en_gb\/wp-json\/wp\/v2\/types\/videos"}],"wp:attachment":[{"href":"https:\/\/alinvest-verde.eu\/en_gb\/wp-json\/wp\/v2\/media?parent=21697"}],"curies":[{"name":"wp","href":"https:\/\/api.w.org\/{rel}","templated":true}]}}

<!-- This site is optimized with the Yoast SEO plugin v28.4 - https://yoast.com/product/yoast-seo-wordpress/ -->
<title>Impulsando la transición sostenible del sector privado - Programme AL-INVEST Verde</title>
<meta name="robots" content="index, follow, max-snippet:-1, max-image-preview:large, max-video-preview:-1" />
<link rel="canonical" href="https://alinvest-verde.eu/en_gb/videos/impulsando-la-transicion-sostenible-del-sector-privado/" />
<meta property="og:locale" content="en_GB" />
<meta property="og:type" content="article" />
<meta property="og:title" content="Impulsando la transición sostenible del sector privado - Programme AL-INVEST Verde" />
<meta property="og:description" content="A través del Componente de Apoyo al Sector Privado de AL-INVEST Verde, organizaciones empresariales de Europa y América Latina han trabajado conjuntamente para fortalecer la competitividad de las mipymes, promover la innovación, impulsar la economía circular y fomentar cadenas de valor más sostenibles y resilientes." />
<meta property="og:url" content="https://alinvest-verde.eu/en_gb/videos/impulsando-la-transicion-sostenible-del-sector-privado/" />
<meta property="og:site_name" content="Programme AL-INVEST Verde" />
<meta property="og:image" content="https://alinvest-verde.eu/wp-content/uploads/2022/05/money-g931d55623_1920.jpg" />
	<meta property="og:image:width" content="1920" />
	<meta property="og:image:height" content="960" />
	<meta property="og:image:type" content="image/jpeg" />
<meta name="twitter:card" content="summary_large_image" />
<meta name="twitter:label1" content="Estimated reading time" />
	<meta name="twitter:data1" content="1 minute" />
<script type="application/ld+json" class="yoast-schema-graph">{"@context":"https:\/\/schema.org","@graph":[{"@type":"WebPage","@id":"https:\/\/alinvest-verde.eu\/videos\/impulsando-la-transicion-sostenible-del-sector-privado\/","url":"https:\/\/alinvest-verde.eu\/videos\/impulsando-la-transicion-sostenible-del-sector-privado\/","name":"Impulsando la transición sostenible del sector privado - Programme AL-INVEST Verde","isPartOf":{"@id":"https:\/\/alinvest-verde.eu\/#website"},"datePublished":"2026-07-02T21:07:55+00:00","breadcrumb":{"@id":"https:\/\/alinvest-verde.eu\/videos\/impulsando-la-transicion-sostenible-del-sector-privado\/#breadcrumb"},"inLanguage":"en-GB","potentialAction":[{"@type":"ReadAction","target":["https:\/\/alinvest-verde.eu\/videos\/impulsando-la-transicion-sostenible-del-sector-privado\/"]}]},{"@type":"BreadcrumbList","@id":"https:\/\/alinvest-verde.eu\/videos\/impulsando-la-transicion-sostenible-del-sector-privado\/#breadcrumb","itemListElement":[{"@type":"ListItem","position":1,"name":"Inicio","item":"https:\/\/alinvest-verde.eu\/"},{"@type":"ListItem","position":2,"name":"Impulsando la transición sostenible del sector privado"}]},{"@type":"WebSite","@id":"https:\/\/alinvest-verde.eu\/#website","url":"https:\/\/alinvest-verde.eu\/","name":"Programme AL-INVEST Verde","description":"Building alliances with the private sector in LA and promote sustainable growth and jobs creation by supporting the transition towards a low-carbon, resource-efficient economy","publisher":{"@id":"https:\/\/alinvest-verde.eu\/#organization"},"potentialAction":[{"@type":"SearchAction","target":{"@type":"EntryPoint","urlTemplate":"https:\/\/alinvest-verde.eu\/?s={search_term_string}"},"query-input":{"@type":"PropertyValueSpecification","valueRequired":true,"valueName":"search_term_string"}}],"inLanguage":"en-GB"},{"@type":"Organization","@id":"https:\/\/alinvest-verde.eu\/#organization","name":"Programme AL-INVEST Verde","url":"https:\/\/alinvest-verde.eu\/","logo":{"@type":"ImageObject","inLanguage":"en-GB","@id":"https:\/\/alinvest-verde.eu\/#\/schema\/logo\/image\/","url":"https:\/\/alinvest-verde.eu\/wp-content\/uploads\/2022\/01\/cropped-logo-financiado-por-la-UE.jpg","contentUrl":"https:\/\/alinvest-verde.eu\/wp-content\/uploads\/2022\/01\/cropped-logo-financiado-por-la-UE.jpg","width":756,"height":216,"caption":"Programme AL-INVEST Verde"},"image":{"@id":"https:\/\/alinvest-verde.eu\/#\/schema\/logo\/image\/"}}]}</script>
<!-- / Yoast SEO plugin. -->

Impulsando la transición sostenible del sector privado - Programme AL-INVEST Verde

A través del Componente de Apoyo al Sector Privado de AL-INVEST Verde, organizaciones empresariales de Europa y América Latina han trabajado conjuntamente para fortalecer la competitividad de las mipymes, promover la innovación, impulsar la economía circular y fomentar cadenas de valor más sostenibles y resilientes.

Impulsando la transición sostenible del sector privado
