{"id":20841,"date":"2026-03-06T18:30:35","date_gmt":"2026-03-06T17:30:35","guid":{"rendered":"https:\/\/alinvest-verde.eu\/?post_type=videos&#038;p=20841"},"modified":"2026-03-06T18:30:36","modified_gmt":"2026-03-06T17:30:36","slug":"mujeres-abriendo-caminos","status":"publish","type":"videos","link":"https:\/\/alinvest-verde.eu\/es_es\/videos\/mujeres-abriendo-caminos\/","title":{"rendered":"Mujeres abriendo caminos"},"content":{"rendered":"\n<p class=\"wp-block-paragraph\">En 2025, AL-INVEST Verde organiz\u00f3 su evento anual CONEXI\u00d3NVerde+ en Medell\u00edn, Colombia. Mujeres de Colombia, Ecuador y Paraguay, entre otras, participaron en el panel &#8220;Ra\u00edces sostenibles: la voz de las protagonistas&#8221; y destacaron el rol de las mujeres en las cadenas de valor del caf\u00e9, el cacao y la seda para lograr una producci\u00f3n sostenible.<\/p>\n","protected":false},"featured_media":0,"template":"","meta":[],"class_list":["post-20841","videos","type-videos","status-publish","hentry"],"yoast_head":"<!-- This site is optimized with the Yoast SEO plugin v28.4 - https:\/\/yoast.com\/product\/yoast-seo-wordpress\/ -->\n<title>Mujeres abriendo caminos - Programme AL-INVEST Verde<\/title>\n<meta name=\"robots\" content=\"index, follow, max-snippet:-1, max-image-preview:large, max-video-preview:-1\" \/>\n<link rel=\"canonical\" href=\"https:\/\/alinvest-verde.eu\/es_es\/videos\/mujeres-abriendo-caminos\/\" \/>\n<meta property=\"og:locale\" content=\"es_ES\" \/>\n<meta property=\"og:type\" content=\"article\" \/>\n<meta property=\"og:title\" content=\"Mujeres abriendo caminos - Programme AL-INVEST Verde\" \/>\n<meta property=\"og:description\" content=\"En 2025, AL-INVEST Verde organiz\u00f3 su evento anual CONEXI\u00d3NVerde+ en Medell\u00edn, Colombia. Mujeres de Colombia, Ecuador y Paraguay, entre otras, participaron en el panel &#8220;Ra\u00edces sostenibles: la voz de las protagonistas&#8221; y destacaron el rol de las mujeres en las cadenas de valor del caf\u00e9, el cacao y la seda para lograr una producci\u00f3n sostenible.\" \/>\n<meta property=\"og:url\" content=\"https:\/\/alinvest-verde.eu\/es_es\/videos\/mujeres-abriendo-caminos\/\" \/>\n<meta property=\"og:site_name\" content=\"Programme AL-INVEST Verde\" \/>\n<meta property=\"article:modified_time\" content=\"2026-03-06T17:30:36+00:00\" \/>\n<meta property=\"og:image\" content=\"https:\/\/alinvest-verde.eu\/wp-content\/uploads\/2022\/05\/money-g931d55623_1920.jpg\" \/>\n\t<meta property=\"og:image:width\" content=\"1920\" \/>\n\t<meta property=\"og:image:height\" content=\"960\" \/>\n\t<meta property=\"og:image:type\" content=\"image\/jpeg\" \/>\n<meta name=\"twitter:card\" content=\"summary_large_image\" \/>\n<meta name=\"twitter:label1\" content=\"Tiempo de lectura\" \/>\n\t<meta name=\"twitter:data1\" content=\"1 minuto\" \/>\n<script type=\"application\/ld+json\" class=\"yoast-schema-graph\">{\"@context\":\"https:\\\/\\\/schema.org\",\"@graph\":[{\"@type\":\"WebPage\",\"@id\":\"https:\\\/\\\/alinvest-verde.eu\\\/videos\\\/mujeres-abriendo-caminos\\\/\",\"url\":\"https:\\\/\\\/alinvest-verde.eu\\\/videos\\\/mujeres-abriendo-caminos\\\/\",\"name\":\"Mujeres abriendo caminos - Programme AL-INVEST Verde\",\"isPartOf\":{\"@id\":\"https:\\\/\\\/alinvest-verde.eu\\\/#website\"},\"datePublished\":\"2026-03-06T17:30:35+00:00\",\"dateModified\":\"2026-03-06T17:30:36+00:00\",\"breadcrumb\":{\"@id\":\"https:\\\/\\\/alinvest-verde.eu\\\/videos\\\/mujeres-abriendo-caminos\\\/#breadcrumb\"},\"inLanguage\":\"es\",\"potentialAction\":[{\"@type\":\"ReadAction\",\"target\":[\"https:\\\/\\\/alinvest-verde.eu\\\/videos\\\/mujeres-abriendo-caminos\\\/\"]}]},{\"@type\":\"BreadcrumbList\",\"@id\":\"https:\\\/\\\/alinvest-verde.eu\\\/videos\\\/mujeres-abriendo-caminos\\\/#breadcrumb\",\"itemListElement\":[{\"@type\":\"ListItem\",\"position\":1,\"name\":\"Inicio\",\"item\":\"https:\\\/\\\/alinvest-verde.eu\\\/\"},{\"@type\":\"ListItem\",\"position\":2,\"name\":\"Mujeres abriendo caminos\"}]},{\"@type\":\"WebSite\",\"@id\":\"https:\\\/\\\/alinvest-verde.eu\\\/#website\",\"url\":\"https:\\\/\\\/alinvest-verde.eu\\\/\",\"name\":\"Programme AL-INVEST Verde\",\"description\":\"Building alliances with the private sector in LA and promote sustainable growth and jobs creation by supporting the transition towards a low-carbon, resource-efficient economy\",\"publisher\":{\"@id\":\"https:\\\/\\\/alinvest-verde.eu\\\/#organization\"},\"potentialAction\":[{\"@type\":\"SearchAction\",\"target\":{\"@type\":\"EntryPoint\",\"urlTemplate\":\"https:\\\/\\\/alinvest-verde.eu\\\/?s={search_term_string}\"},\"query-input\":{\"@type\":\"PropertyValueSpecification\",\"valueRequired\":true,\"valueName\":\"search_term_string\"}}],\"inLanguage\":\"es\"},{\"@type\":\"Organization\",\"@id\":\"https:\\\/\\\/alinvest-verde.eu\\\/#organization\",\"name\":\"Programme AL-INVEST Verde\",\"url\":\"https:\\\/\\\/alinvest-verde.eu\\\/\",\"logo\":{\"@type\":\"ImageObject\",\"inLanguage\":\"es\",\"@id\":\"https:\\\/\\\/alinvest-verde.eu\\\/#\\\/schema\\\/logo\\\/image\\\/\",\"url\":\"https:\\\/\\\/alinvest-verde.eu\\\/wp-content\\\/uploads\\\/2022\\\/01\\\/cropped-logo-financiado-por-la-UE.jpg\",\"contentUrl\":\"https:\\\/\\\/alinvest-verde.eu\\\/wp-content\\\/uploads\\\/2022\\\/01\\\/cropped-logo-financiado-por-la-UE.jpg\",\"width\":756,\"height\":216,\"caption\":\"Programme AL-INVEST Verde\"},\"image\":{\"@id\":\"https:\\\/\\\/alinvest-verde.eu\\\/#\\\/schema\\\/logo\\\/image\\\/\"}}]}<\/script>\n<!-- \/ Yoast SEO plugin. -->","yoast_head_json":{"title":"Mujeres abriendo caminos - Programme AL-INVEST Verde","robots":{"index":"index","follow":"follow","max-snippet":"max-snippet:-1","max-image-preview":"max-image-preview:large","max-video-preview":"max-video-preview:-1"},"canonical":"https:\/\/alinvest-verde.eu\/es_es\/videos\/mujeres-abriendo-caminos\/","og_locale":"es_ES","og_type":"article","og_title":"Mujeres abriendo caminos - Programme AL-INVEST Verde","og_description":"En 2025, AL-INVEST Verde organiz\u00f3 su evento anual CONEXI\u00d3NVerde+ en Medell\u00edn, Colombia. Mujeres de Colombia, Ecuador y Paraguay, entre otras, participaron en el panel &#8220;Ra\u00edces sostenibles: la voz de las protagonistas&#8221; y destacaron el rol de las mujeres en las cadenas de valor del caf\u00e9, el cacao y la seda para lograr una producci\u00f3n sostenible.","og_url":"https:\/\/alinvest-verde.eu\/es_es\/videos\/mujeres-abriendo-caminos\/","og_site_name":"Programme AL-INVEST Verde","article_modified_time":"2026-03-06T17:30:36+00:00","og_image":[{"width":1920,"height":960,"url":"https:\/\/alinvest-verde.eu\/wp-content\/uploads\/2022\/05\/money-g931d55623_1920.jpg","type":"image\/jpeg"}],"twitter_card":"summary_large_image","twitter_misc":{"Tiempo de lectura":"1 minuto"},"schema":{"@context":"https:\/\/schema.org","@graph":[{"@type":"WebPage","@id":"https:\/\/alinvest-verde.eu\/videos\/mujeres-abriendo-caminos\/","url":"https:\/\/alinvest-verde.eu\/videos\/mujeres-abriendo-caminos\/","name":"Mujeres abriendo caminos - Programme AL-INVEST Verde","isPartOf":{"@id":"https:\/\/alinvest-verde.eu\/#website"},"datePublished":"2026-03-06T17:30:35+00:00","dateModified":"2026-03-06T17:30:36+00:00","breadcrumb":{"@id":"https:\/\/alinvest-verde.eu\/videos\/mujeres-abriendo-caminos\/#breadcrumb"},"inLanguage":"es","potentialAction":[{"@type":"ReadAction","target":["https:\/\/alinvest-verde.eu\/videos\/mujeres-abriendo-caminos\/"]}]},{"@type":"BreadcrumbList","@id":"https:\/\/alinvest-verde.eu\/videos\/mujeres-abriendo-caminos\/#breadcrumb","itemListElement":[{"@type":"ListItem","position":1,"name":"Inicio","item":"https:\/\/alinvest-verde.eu\/"},{"@type":"ListItem","position":2,"name":"Mujeres abriendo caminos"}]},{"@type":"WebSite","@id":"https:\/\/alinvest-verde.eu\/#website","url":"https:\/\/alinvest-verde.eu\/","name":"Programme AL-INVEST Verde","description":"Building alliances with the private sector in LA and promote sustainable growth and jobs creation by supporting the transition towards a low-carbon, resource-efficient economy","publisher":{"@id":"https:\/\/alinvest-verde.eu\/#organization"},"potentialAction":[{"@type":"SearchAction","target":{"@type":"EntryPoint","urlTemplate":"https:\/\/alinvest-verde.eu\/?s={search_term_string}"},"query-input":{"@type":"PropertyValueSpecification","valueRequired":true,"valueName":"search_term_string"}}],"inLanguage":"es"},{"@type":"Organization","@id":"https:\/\/alinvest-verde.eu\/#organization","name":"Programme AL-INVEST Verde","url":"https:\/\/alinvest-verde.eu\/","logo":{"@type":"ImageObject","inLanguage":"es","@id":"https:\/\/alinvest-verde.eu\/#\/schema\/logo\/image\/","url":"https:\/\/alinvest-verde.eu\/wp-content\/uploads\/2022\/01\/cropped-logo-financiado-por-la-UE.jpg","contentUrl":"https:\/\/alinvest-verde.eu\/wp-content\/uploads\/2022\/01\/cropped-logo-financiado-por-la-UE.jpg","width":756,"height":216,"caption":"Programme AL-INVEST Verde"},"image":{"@id":"https:\/\/alinvest-verde.eu\/#\/schema\/logo\/image\/"}}]}},"_links":{"self":[{"href":"https:\/\/alinvest-verde.eu\/es_es\/wp-json\/wp\/v2\/videos\/20841","targetHints":{"allow":["GET"]}}],"collection":[{"href":"https:\/\/alinvest-verde.eu\/es_es\/wp-json\/wp\/v2\/videos"}],"about":[{"href":"https:\/\/alinvest-verde.eu\/es_es\/wp-json\/wp\/v2\/types\/videos"}],"wp:attachment":[{"href":"https:\/\/alinvest-verde.eu\/es_es\/wp-json\/wp\/v2\/media?parent=20841"}],"curies":[{"name":"wp","href":"https:\/\/api.w.org\/{rel}","templated":true}]}}

<p class="wp-block-paragraph">En 2025, AL-INVEST Verde organizó su evento anual CONEXIÓNVerde+ en Medellín, Colombia. Mujeres de Colombia, Ecuador y Paraguay, entre otras, participaron en el panel &#8220;Raíces sostenibles: la voz de las protagonistas&#8221; y destacaron el rol de las mujeres en las cadenas de valor del café, el cacao y la seda para lograr una producción sostenible.</p>

<!-- This site is optimized with the Yoast SEO plugin v28.4 - https://yoast.com/product/yoast-seo-wordpress/ -->
<title>Mujeres abriendo caminos - Programme AL-INVEST Verde</title>
<meta name="robots" content="index, follow, max-snippet:-1, max-image-preview:large, max-video-preview:-1" />
<link rel="canonical" href="https://alinvest-verde.eu/es_es/videos/mujeres-abriendo-caminos/" />
<meta property="og:locale" content="es_ES" />
<meta property="og:type" content="article" />
<meta property="og:title" content="Mujeres abriendo caminos - Programme AL-INVEST Verde" />
<meta property="og:description" content="En 2025, AL-INVEST Verde organizó su evento anual CONEXIÓNVerde+ en Medellín, Colombia. Mujeres de Colombia, Ecuador y Paraguay, entre otras, participaron en el panel &#8220;Raíces sostenibles: la voz de las protagonistas&#8221; y destacaron el rol de las mujeres en las cadenas de valor del café, el cacao y la seda para lograr una producción sostenible." />
<meta property="og:url" content="https://alinvest-verde.eu/es_es/videos/mujeres-abriendo-caminos/" />
<meta property="og:site_name" content="Programme AL-INVEST Verde" />
<meta property="article:modified_time" content="2026-03-06T17:30:36+00:00" />
<meta property="og:image" content="https://alinvest-verde.eu/wp-content/uploads/2022/05/money-g931d55623_1920.jpg" />
	<meta property="og:image:width" content="1920" />
	<meta property="og:image:height" content="960" />
	<meta property="og:image:type" content="image/jpeg" />
<meta name="twitter:card" content="summary_large_image" />
<meta name="twitter:label1" content="Tiempo de lectura" />
	<meta name="twitter:data1" content="1 minuto" />
<script type="application/ld+json" class="yoast-schema-graph">{"@context":"https:\/\/schema.org","@graph":[{"@type":"WebPage","@id":"https:\/\/alinvest-verde.eu\/videos\/mujeres-abriendo-caminos\/","url":"https:\/\/alinvest-verde.eu\/videos\/mujeres-abriendo-caminos\/","name":"Mujeres abriendo caminos - Programme AL-INVEST Verde","isPartOf":{"@id":"https:\/\/alinvest-verde.eu\/#website"},"datePublished":"2026-03-06T17:30:35+00:00","dateModified":"2026-03-06T17:30:36+00:00","breadcrumb":{"@id":"https:\/\/alinvest-verde.eu\/videos\/mujeres-abriendo-caminos\/#breadcrumb"},"inLanguage":"es","potentialAction":[{"@type":"ReadAction","target":["https:\/\/alinvest-verde.eu\/videos\/mujeres-abriendo-caminos\/"]}]},{"@type":"BreadcrumbList","@id":"https:\/\/alinvest-verde.eu\/videos\/mujeres-abriendo-caminos\/#breadcrumb","itemListElement":[{"@type":"ListItem","position":1,"name":"Inicio","item":"https:\/\/alinvest-verde.eu\/"},{"@type":"ListItem","position":2,"name":"Mujeres abriendo caminos"}]},{"@type":"WebSite","@id":"https:\/\/alinvest-verde.eu\/#website","url":"https:\/\/alinvest-verde.eu\/","name":"Programme AL-INVEST Verde","description":"Building alliances with the private sector in LA and promote sustainable growth and jobs creation by supporting the transition towards a low-carbon, resource-efficient economy","publisher":{"@id":"https:\/\/alinvest-verde.eu\/#organization"},"potentialAction":[{"@type":"SearchAction","target":{"@type":"EntryPoint","urlTemplate":"https:\/\/alinvest-verde.eu\/?s={search_term_string}"},"query-input":{"@type":"PropertyValueSpecification","valueRequired":true,"valueName":"search_term_string"}}],"inLanguage":"es"},{"@type":"Organization","@id":"https:\/\/alinvest-verde.eu\/#organization","name":"Programme AL-INVEST Verde","url":"https:\/\/alinvest-verde.eu\/","logo":{"@type":"ImageObject","inLanguage":"es","@id":"https:\/\/alinvest-verde.eu\/#\/schema\/logo\/image\/","url":"https:\/\/alinvest-verde.eu\/wp-content\/uploads\/2022\/01\/cropped-logo-financiado-por-la-UE.jpg","contentUrl":"https:\/\/alinvest-verde.eu\/wp-content\/uploads\/2022\/01\/cropped-logo-financiado-por-la-UE.jpg","width":756,"height":216,"caption":"Programme AL-INVEST Verde"},"image":{"@id":"https:\/\/alinvest-verde.eu\/#\/schema\/logo\/image\/"}}]}</script>
<!-- / Yoast SEO plugin. -->

En 2025, AL-INVEST Verde organizó su evento anual CONEXIÓNVerde+ en Medellín, Colombia. Mujeres de Colombia, Ecuador y Paraguay, entre otras, participaron en el panel &#8220;Raíces sostenibles: la voz de las protagonistas&#8221; y destacaron el rol de las mujeres en las cadenas de valor del café, el cacao y la seda para lograr una producción sostenible.
