{"id":9071,"date":"2023-09-01T22:11:08","date_gmt":"2023-09-01T20:11:08","guid":{"rendered":"https:\/\/alinvest-verde.eu\/?post_type=videos&#038;p=9071"},"modified":"2023-09-01T22:15:56","modified_gmt":"2023-09-01T20:15:56","slug":"evento-green-logistics-en-guatemala","status":"publish","type":"videos","link":"https:\/\/alinvest-verde.eu\/es_es\/videos\/evento-green-logistics-en-guatemala\/","title":{"rendered":"Evento Green Ideas en Guatemala"},"content":{"rendered":"\n<p class=\"wp-block-paragraph\">AGEXPORT desarroll\u00f3 el evento \u201cGreen Ideas\u201d en Guatemala, en el marco del Programa AL-INVEST Verde y como parte de las acciones del Componente 1, una iniciativa que reuni\u00f3 a diversas instituciones que buscan generar soluciones ambientales para el intercambio de buenas pr\u00e1cticas y la implementaci\u00f3n de acciones que promuevan la sostenibilidad. <\/p>\n","protected":false},"featured_media":0,"template":"","meta":[],"class_list":["post-9071","videos","type-videos","status-publish","hentry"],"yoast_head":"<!-- This site is optimized with the Yoast SEO plugin v28.4 - https:\/\/yoast.com\/product\/yoast-seo-wordpress\/ -->\n<title>Evento Green Ideas en Guatemala - Programme AL-INVEST Verde<\/title>\n<meta name=\"robots\" content=\"index, follow, max-snippet:-1, max-image-preview:large, max-video-preview:-1\" \/>\n<link rel=\"canonical\" href=\"https:\/\/alinvest-verde.eu\/es_es\/videos\/evento-green-logistics-en-guatemala\/\" \/>\n<meta property=\"og:locale\" content=\"es_ES\" \/>\n<meta property=\"og:type\" content=\"article\" \/>\n<meta property=\"og:title\" content=\"Evento Green Ideas en Guatemala - Programme AL-INVEST Verde\" \/>\n<meta property=\"og:description\" content=\"AGEXPORT desarroll\u00f3 el evento \u201cGreen Ideas\u201d en Guatemala, en el marco del Programa AL-INVEST Verde y como parte de las acciones del Componente 1, una iniciativa que reuni\u00f3 a diversas instituciones que buscan generar soluciones ambientales para el intercambio de buenas pr\u00e1cticas y la implementaci\u00f3n de acciones que promuevan la sostenibilidad.\" \/>\n<meta property=\"og:url\" content=\"https:\/\/alinvest-verde.eu\/es_es\/videos\/evento-green-logistics-en-guatemala\/\" \/>\n<meta property=\"og:site_name\" content=\"Programme AL-INVEST Verde\" \/>\n<meta property=\"article:modified_time\" content=\"2023-09-01T20:15:56+00:00\" \/>\n<meta property=\"og:image\" content=\"https:\/\/alinvest-verde.eu\/wp-content\/uploads\/2022\/05\/money-g931d55623_1920.jpg\" \/>\n\t<meta property=\"og:image:width\" content=\"1920\" \/>\n\t<meta property=\"og:image:height\" content=\"960\" \/>\n\t<meta property=\"og:image:type\" content=\"image\/jpeg\" \/>\n<meta name=\"twitter:card\" content=\"summary_large_image\" \/>\n<meta name=\"twitter:label1\" content=\"Tiempo de lectura\" \/>\n\t<meta name=\"twitter:data1\" content=\"1 minuto\" \/>\n<script type=\"application\/ld+json\" class=\"yoast-schema-graph\">{\"@context\":\"https:\\\/\\\/schema.org\",\"@graph\":[{\"@type\":\"WebPage\",\"@id\":\"https:\\\/\\\/alinvest-verde.eu\\\/videos\\\/evento-green-logistics-en-guatemala\\\/\",\"url\":\"https:\\\/\\\/alinvest-verde.eu\\\/videos\\\/evento-green-logistics-en-guatemala\\\/\",\"name\":\"Evento Green Ideas en Guatemala - Programme AL-INVEST Verde\",\"isPartOf\":{\"@id\":\"https:\\\/\\\/alinvest-verde.eu\\\/#website\"},\"datePublished\":\"2023-09-01T20:11:08+00:00\",\"dateModified\":\"2023-09-01T20:15:56+00:00\",\"breadcrumb\":{\"@id\":\"https:\\\/\\\/alinvest-verde.eu\\\/videos\\\/evento-green-logistics-en-guatemala\\\/#breadcrumb\"},\"inLanguage\":\"es\",\"potentialAction\":[{\"@type\":\"ReadAction\",\"target\":[\"https:\\\/\\\/alinvest-verde.eu\\\/videos\\\/evento-green-logistics-en-guatemala\\\/\"]}]},{\"@type\":\"BreadcrumbList\",\"@id\":\"https:\\\/\\\/alinvest-verde.eu\\\/videos\\\/evento-green-logistics-en-guatemala\\\/#breadcrumb\",\"itemListElement\":[{\"@type\":\"ListItem\",\"position\":1,\"name\":\"Inicio\",\"item\":\"https:\\\/\\\/alinvest-verde.eu\\\/\"},{\"@type\":\"ListItem\",\"position\":2,\"name\":\"Evento Green Ideas en Guatemala\"}]},{\"@type\":\"WebSite\",\"@id\":\"https:\\\/\\\/alinvest-verde.eu\\\/#website\",\"url\":\"https:\\\/\\\/alinvest-verde.eu\\\/\",\"name\":\"Programme AL-INVEST Verde\",\"description\":\"Building alliances with the private sector in LA and promote sustainable growth and jobs creation by supporting the transition towards a low-carbon, resource-efficient economy\",\"publisher\":{\"@id\":\"https:\\\/\\\/alinvest-verde.eu\\\/#organization\"},\"potentialAction\":[{\"@type\":\"SearchAction\",\"target\":{\"@type\":\"EntryPoint\",\"urlTemplate\":\"https:\\\/\\\/alinvest-verde.eu\\\/?s={search_term_string}\"},\"query-input\":{\"@type\":\"PropertyValueSpecification\",\"valueRequired\":true,\"valueName\":\"search_term_string\"}}],\"inLanguage\":\"es\"},{\"@type\":\"Organization\",\"@id\":\"https:\\\/\\\/alinvest-verde.eu\\\/#organization\",\"name\":\"Programme AL-INVEST Verde\",\"url\":\"https:\\\/\\\/alinvest-verde.eu\\\/\",\"logo\":{\"@type\":\"ImageObject\",\"inLanguage\":\"es\",\"@id\":\"https:\\\/\\\/alinvest-verde.eu\\\/#\\\/schema\\\/logo\\\/image\\\/\",\"url\":\"https:\\\/\\\/alinvest-verde.eu\\\/wp-content\\\/uploads\\\/2022\\\/01\\\/cropped-logo-financiado-por-la-UE.jpg\",\"contentUrl\":\"https:\\\/\\\/alinvest-verde.eu\\\/wp-content\\\/uploads\\\/2022\\\/01\\\/cropped-logo-financiado-por-la-UE.jpg\",\"width\":756,\"height\":216,\"caption\":\"Programme AL-INVEST Verde\"},\"image\":{\"@id\":\"https:\\\/\\\/alinvest-verde.eu\\\/#\\\/schema\\\/logo\\\/image\\\/\"}}]}<\/script>\n<!-- \/ Yoast SEO plugin. -->","yoast_head_json":{"title":"Evento Green Ideas en Guatemala - Programme AL-INVEST Verde","robots":{"index":"index","follow":"follow","max-snippet":"max-snippet:-1","max-image-preview":"max-image-preview:large","max-video-preview":"max-video-preview:-1"},"canonical":"https:\/\/alinvest-verde.eu\/es_es\/videos\/evento-green-logistics-en-guatemala\/","og_locale":"es_ES","og_type":"article","og_title":"Evento Green Ideas en Guatemala - Programme AL-INVEST Verde","og_description":"AGEXPORT desarroll\u00f3 el evento \u201cGreen Ideas\u201d en Guatemala, en el marco del Programa AL-INVEST Verde y como parte de las acciones del Componente 1, una iniciativa que reuni\u00f3 a diversas instituciones que buscan generar soluciones ambientales para el intercambio de buenas pr\u00e1cticas y la implementaci\u00f3n de acciones que promuevan la sostenibilidad.","og_url":"https:\/\/alinvest-verde.eu\/es_es\/videos\/evento-green-logistics-en-guatemala\/","og_site_name":"Programme AL-INVEST Verde","article_modified_time":"2023-09-01T20:15:56+00:00","og_image":[{"width":1920,"height":960,"url":"https:\/\/alinvest-verde.eu\/wp-content\/uploads\/2022\/05\/money-g931d55623_1920.jpg","type":"image\/jpeg"}],"twitter_card":"summary_large_image","twitter_misc":{"Tiempo de lectura":"1 minuto"},"schema":{"@context":"https:\/\/schema.org","@graph":[{"@type":"WebPage","@id":"https:\/\/alinvest-verde.eu\/videos\/evento-green-logistics-en-guatemala\/","url":"https:\/\/alinvest-verde.eu\/videos\/evento-green-logistics-en-guatemala\/","name":"Evento Green Ideas en Guatemala - Programme AL-INVEST Verde","isPartOf":{"@id":"https:\/\/alinvest-verde.eu\/#website"},"datePublished":"2023-09-01T20:11:08+00:00","dateModified":"2023-09-01T20:15:56+00:00","breadcrumb":{"@id":"https:\/\/alinvest-verde.eu\/videos\/evento-green-logistics-en-guatemala\/#breadcrumb"},"inLanguage":"es","potentialAction":[{"@type":"ReadAction","target":["https:\/\/alinvest-verde.eu\/videos\/evento-green-logistics-en-guatemala\/"]}]},{"@type":"BreadcrumbList","@id":"https:\/\/alinvest-verde.eu\/videos\/evento-green-logistics-en-guatemala\/#breadcrumb","itemListElement":[{"@type":"ListItem","position":1,"name":"Inicio","item":"https:\/\/alinvest-verde.eu\/"},{"@type":"ListItem","position":2,"name":"Evento Green Ideas en Guatemala"}]},{"@type":"WebSite","@id":"https:\/\/alinvest-verde.eu\/#website","url":"https:\/\/alinvest-verde.eu\/","name":"Programme AL-INVEST Verde","description":"Building alliances with the private sector in LA and promote sustainable growth and jobs creation by supporting the transition towards a low-carbon, resource-efficient economy","publisher":{"@id":"https:\/\/alinvest-verde.eu\/#organization"},"potentialAction":[{"@type":"SearchAction","target":{"@type":"EntryPoint","urlTemplate":"https:\/\/alinvest-verde.eu\/?s={search_term_string}"},"query-input":{"@type":"PropertyValueSpecification","valueRequired":true,"valueName":"search_term_string"}}],"inLanguage":"es"},{"@type":"Organization","@id":"https:\/\/alinvest-verde.eu\/#organization","name":"Programme AL-INVEST Verde","url":"https:\/\/alinvest-verde.eu\/","logo":{"@type":"ImageObject","inLanguage":"es","@id":"https:\/\/alinvest-verde.eu\/#\/schema\/logo\/image\/","url":"https:\/\/alinvest-verde.eu\/wp-content\/uploads\/2022\/01\/cropped-logo-financiado-por-la-UE.jpg","contentUrl":"https:\/\/alinvest-verde.eu\/wp-content\/uploads\/2022\/01\/cropped-logo-financiado-por-la-UE.jpg","width":756,"height":216,"caption":"Programme AL-INVEST Verde"},"image":{"@id":"https:\/\/alinvest-verde.eu\/#\/schema\/logo\/image\/"}}]}},"_links":{"self":[{"href":"https:\/\/alinvest-verde.eu\/es_es\/wp-json\/wp\/v2\/videos\/9071","targetHints":{"allow":["GET"]}}],"collection":[{"href":"https:\/\/alinvest-verde.eu\/es_es\/wp-json\/wp\/v2\/videos"}],"about":[{"href":"https:\/\/alinvest-verde.eu\/es_es\/wp-json\/wp\/v2\/types\/videos"}],"wp:attachment":[{"href":"https:\/\/alinvest-verde.eu\/es_es\/wp-json\/wp\/v2\/media?parent=9071"}],"curies":[{"name":"wp","href":"https:\/\/api.w.org\/{rel}","templated":true}]}}

<p class="wp-block-paragraph">AGEXPORT desarrolló el evento “Green Ideas” en Guatemala, en el marco del Programa AL-INVEST Verde y como parte de las acciones del Componente 1, una iniciativa que reunió a diversas instituciones que buscan generar soluciones ambientales para el intercambio de buenas prácticas y la implementación de acciones que promuevan la sostenibilidad. </p>

<!-- This site is optimized with the Yoast SEO plugin v28.4 - https://yoast.com/product/yoast-seo-wordpress/ -->
<title>Evento Green Ideas en Guatemala - Programme AL-INVEST Verde</title>
<meta name="robots" content="index, follow, max-snippet:-1, max-image-preview:large, max-video-preview:-1" />
<link rel="canonical" href="https://alinvest-verde.eu/es_es/videos/evento-green-logistics-en-guatemala/" />
<meta property="og:locale" content="es_ES" />
<meta property="og:type" content="article" />
<meta property="og:title" content="Evento Green Ideas en Guatemala - Programme AL-INVEST Verde" />
<meta property="og:description" content="AGEXPORT desarrolló el evento “Green Ideas” en Guatemala, en el marco del Programa AL-INVEST Verde y como parte de las acciones del Componente 1, una iniciativa que reunió a diversas instituciones que buscan generar soluciones ambientales para el intercambio de buenas prácticas y la implementación de acciones que promuevan la sostenibilidad." />
<meta property="og:url" content="https://alinvest-verde.eu/es_es/videos/evento-green-logistics-en-guatemala/" />
<meta property="og:site_name" content="Programme AL-INVEST Verde" />
<meta property="article:modified_time" content="2023-09-01T20:15:56+00:00" />
<meta property="og:image" content="https://alinvest-verde.eu/wp-content/uploads/2022/05/money-g931d55623_1920.jpg" />
	<meta property="og:image:width" content="1920" />
	<meta property="og:image:height" content="960" />
	<meta property="og:image:type" content="image/jpeg" />
<meta name="twitter:card" content="summary_large_image" />
<meta name="twitter:label1" content="Tiempo de lectura" />
	<meta name="twitter:data1" content="1 minuto" />
<script type="application/ld+json" class="yoast-schema-graph">{"@context":"https:\/\/schema.org","@graph":[{"@type":"WebPage","@id":"https:\/\/alinvest-verde.eu\/videos\/evento-green-logistics-en-guatemala\/","url":"https:\/\/alinvest-verde.eu\/videos\/evento-green-logistics-en-guatemala\/","name":"Evento Green Ideas en Guatemala - Programme AL-INVEST Verde","isPartOf":{"@id":"https:\/\/alinvest-verde.eu\/#website"},"datePublished":"2023-09-01T20:11:08+00:00","dateModified":"2023-09-01T20:15:56+00:00","breadcrumb":{"@id":"https:\/\/alinvest-verde.eu\/videos\/evento-green-logistics-en-guatemala\/#breadcrumb"},"inLanguage":"es","potentialAction":[{"@type":"ReadAction","target":["https:\/\/alinvest-verde.eu\/videos\/evento-green-logistics-en-guatemala\/"]}]},{"@type":"BreadcrumbList","@id":"https:\/\/alinvest-verde.eu\/videos\/evento-green-logistics-en-guatemala\/#breadcrumb","itemListElement":[{"@type":"ListItem","position":1,"name":"Inicio","item":"https:\/\/alinvest-verde.eu\/"},{"@type":"ListItem","position":2,"name":"Evento Green Ideas en Guatemala"}]},{"@type":"WebSite","@id":"https:\/\/alinvest-verde.eu\/#website","url":"https:\/\/alinvest-verde.eu\/","name":"Programme AL-INVEST Verde","description":"Building alliances with the private sector in LA and promote sustainable growth and jobs creation by supporting the transition towards a low-carbon, resource-efficient economy","publisher":{"@id":"https:\/\/alinvest-verde.eu\/#organization"},"potentialAction":[{"@type":"SearchAction","target":{"@type":"EntryPoint","urlTemplate":"https:\/\/alinvest-verde.eu\/?s={search_term_string}"},"query-input":{"@type":"PropertyValueSpecification","valueRequired":true,"valueName":"search_term_string"}}],"inLanguage":"es"},{"@type":"Organization","@id":"https:\/\/alinvest-verde.eu\/#organization","name":"Programme AL-INVEST Verde","url":"https:\/\/alinvest-verde.eu\/","logo":{"@type":"ImageObject","inLanguage":"es","@id":"https:\/\/alinvest-verde.eu\/#\/schema\/logo\/image\/","url":"https:\/\/alinvest-verde.eu\/wp-content\/uploads\/2022\/01\/cropped-logo-financiado-por-la-UE.jpg","contentUrl":"https:\/\/alinvest-verde.eu\/wp-content\/uploads\/2022\/01\/cropped-logo-financiado-por-la-UE.jpg","width":756,"height":216,"caption":"Programme AL-INVEST Verde"},"image":{"@id":"https:\/\/alinvest-verde.eu\/#\/schema\/logo\/image\/"}}]}</script>
<!-- / Yoast SEO plugin. -->

AGEXPORT desarrolló el evento “Green Ideas” en Guatemala, en el marco del Programa AL-INVEST Verde y como parte de las acciones del Componente 1, una iniciativa que reunió a diversas instituciones que buscan generar soluciones ambientales para el intercambio de buenas prácticas y la implementación de acciones que promuevan la sostenibilidad.
