{"id":21326,"date":"2026-05-12T19:41:50","date_gmt":"2026-05-12T17:41:50","guid":{"rendered":"https:\/\/alinvest-verde.eu\/?post_type=videos&#038;p=21326"},"modified":"2026-05-12T19:41:51","modified_gmt":"2026-05-12T17:41:51","slug":"proyecto-3i-bolivia","status":"publish","type":"videos","link":"https:\/\/alinvest-verde.eu\/pt_pt_ao90\/videos\/proyecto-3i-bolivia\/","title":{"rendered":"Projeto: 3i Bol\u00edvia"},"content":{"rendered":"<p class=\"wp-block-paragraph\">No Cone Sul da Bol\u00edvia, a iniciativa 3i Bol\u00edvia promove modelos empresariais de triplo impacto atrav\u00e9s de pr\u00e1ticas econ\u00f3micas sustent\u00e1veis, inova\u00e7\u00e3o e cadeias de valor sem desfloresta\u00e7\u00e3o.<\/p>\n\n\n\n<p class=\"wp-block-paragraph\">A a\u00e7\u00e3o procura refor\u00e7ar as capacidades das MPME e das organiza\u00e7\u00f5es de produtores para incorporar compet\u00eancias t\u00e9cnicas, transforma\u00e7\u00e3o digital, empreendedorismo ecol\u00f3gico e acesso ao financiamento, promovendo assim uma economia mais resiliente, inclusiva e sustent\u00e1vel.<\/p>","protected":false},"featured_media":0,"template":"","meta":[],"class_list":["post-21326","videos","type-videos","status-publish","hentry"],"yoast_head":"<!-- This site is optimized with the Yoast SEO plugin v28.4 - https:\/\/yoast.com\/product\/yoast-seo-wordpress\/ -->\n<title>Proyecto: 3i Bolivia - Programme AL-INVEST Verde<\/title>\n<meta name=\"robots\" content=\"index, follow, max-snippet:-1, max-image-preview:large, max-video-preview:-1\" \/>\n<link rel=\"canonical\" href=\"https:\/\/alinvest-verde.eu\/pt_pt_ao90\/videos\/proyecto-3i-bolivia\/\" \/>\n<meta property=\"og:locale\" content=\"pt_PT\" \/>\n<meta property=\"og:type\" content=\"article\" \/>\n<meta property=\"og:title\" content=\"Proyecto: 3i Bolivia - Programme AL-INVEST Verde\" \/>\n<meta property=\"og:description\" content=\"En el cono Sur de Bolivia, la iniciativa 3i Bolivia promueve modelos de negocio de triple impacto a trav\u00e9s de pr\u00e1cticas econ\u00f3micas sostenibles, innovaci\u00f3n y cadenas de valor libres de deforestaci\u00f3n. La acci\u00f3n busca fortalecer las capacidades de mipymes y organizaciones de productores para incorporar competencias t\u00e9cnicas, transformaci\u00f3n digital, emprendimientos verdes y acceso a financiamiento, [&hellip;]\" \/>\n<meta property=\"og:url\" content=\"https:\/\/alinvest-verde.eu\/pt_pt_ao90\/videos\/proyecto-3i-bolivia\/\" \/>\n<meta property=\"og:site_name\" content=\"Programme AL-INVEST Verde\" \/>\n<meta property=\"article:modified_time\" content=\"2026-05-12T17:41:51+00:00\" \/>\n<meta property=\"og:image\" content=\"https:\/\/alinvest-verde.eu\/wp-content\/uploads\/2022\/05\/money-g931d55623_1920.jpg\" \/>\n\t<meta property=\"og:image:width\" content=\"1920\" \/>\n\t<meta property=\"og:image:height\" content=\"960\" \/>\n\t<meta property=\"og:image:type\" content=\"image\/jpeg\" \/>\n<meta name=\"twitter:card\" content=\"summary_large_image\" \/>\n<meta name=\"twitter:label1\" content=\"Est. reading time\" \/>\n\t<meta name=\"twitter:data1\" content=\"1 minuto\" \/>\n<script type=\"application\/ld+json\" class=\"yoast-schema-graph\">{\"@context\":\"https:\\\/\\\/schema.org\",\"@graph\":[{\"@type\":\"WebPage\",\"@id\":\"https:\\\/\\\/alinvest-verde.eu\\\/videos\\\/proyecto-3i-bolivia\\\/\",\"url\":\"https:\\\/\\\/alinvest-verde.eu\\\/videos\\\/proyecto-3i-bolivia\\\/\",\"name\":\"Proyecto: 3i Bolivia - Programme AL-INVEST Verde\",\"isPartOf\":{\"@id\":\"https:\\\/\\\/alinvest-verde.eu\\\/#website\"},\"datePublished\":\"2026-05-12T17:41:50+00:00\",\"dateModified\":\"2026-05-12T17:41:51+00:00\",\"breadcrumb\":{\"@id\":\"https:\\\/\\\/alinvest-verde.eu\\\/videos\\\/proyecto-3i-bolivia\\\/#breadcrumb\"},\"inLanguage\":\"pt-PT\",\"potentialAction\":[{\"@type\":\"ReadAction\",\"target\":[\"https:\\\/\\\/alinvest-verde.eu\\\/videos\\\/proyecto-3i-bolivia\\\/\"]}]},{\"@type\":\"BreadcrumbList\",\"@id\":\"https:\\\/\\\/alinvest-verde.eu\\\/videos\\\/proyecto-3i-bolivia\\\/#breadcrumb\",\"itemListElement\":[{\"@type\":\"ListItem\",\"position\":1,\"name\":\"Inicio\",\"item\":\"https:\\\/\\\/alinvest-verde.eu\\\/\"},{\"@type\":\"ListItem\",\"position\":2,\"name\":\"Proyecto: 3i Bolivia\"}]},{\"@type\":\"WebSite\",\"@id\":\"https:\\\/\\\/alinvest-verde.eu\\\/#website\",\"url\":\"https:\\\/\\\/alinvest-verde.eu\\\/\",\"name\":\"Programme AL-INVEST Verde\",\"description\":\"Building alliances with the private sector in LA and promote sustainable growth and jobs creation by supporting the transition towards a low-carbon, resource-efficient economy\",\"publisher\":{\"@id\":\"https:\\\/\\\/alinvest-verde.eu\\\/#organization\"},\"potentialAction\":[{\"@type\":\"SearchAction\",\"target\":{\"@type\":\"EntryPoint\",\"urlTemplate\":\"https:\\\/\\\/alinvest-verde.eu\\\/?s={search_term_string}\"},\"query-input\":{\"@type\":\"PropertyValueSpecification\",\"valueRequired\":true,\"valueName\":\"search_term_string\"}}],\"inLanguage\":\"pt-PT\"},{\"@type\":\"Organization\",\"@id\":\"https:\\\/\\\/alinvest-verde.eu\\\/#organization\",\"name\":\"Programme AL-INVEST Verde\",\"url\":\"https:\\\/\\\/alinvest-verde.eu\\\/\",\"logo\":{\"@type\":\"ImageObject\",\"inLanguage\":\"pt-PT\",\"@id\":\"https:\\\/\\\/alinvest-verde.eu\\\/#\\\/schema\\\/logo\\\/image\\\/\",\"url\":\"https:\\\/\\\/alinvest-verde.eu\\\/wp-content\\\/uploads\\\/2022\\\/01\\\/cropped-logo-financiado-por-la-UE.jpg\",\"contentUrl\":\"https:\\\/\\\/alinvest-verde.eu\\\/wp-content\\\/uploads\\\/2022\\\/01\\\/cropped-logo-financiado-por-la-UE.jpg\",\"width\":756,\"height\":216,\"caption\":\"Programme AL-INVEST Verde\"},\"image\":{\"@id\":\"https:\\\/\\\/alinvest-verde.eu\\\/#\\\/schema\\\/logo\\\/image\\\/\"}}]}<\/script>\n<!-- \/ Yoast SEO plugin. -->","yoast_head_json":{"title":"Proyecto: 3i Bolivia - Programme AL-INVEST Verde","robots":{"index":"index","follow":"follow","max-snippet":"max-snippet:-1","max-image-preview":"max-image-preview:large","max-video-preview":"max-video-preview:-1"},"canonical":"https:\/\/alinvest-verde.eu\/pt_pt_ao90\/videos\/proyecto-3i-bolivia\/","og_locale":"pt_PT","og_type":"article","og_title":"Proyecto: 3i Bolivia - Programme AL-INVEST Verde","og_description":"En el cono Sur de Bolivia, la iniciativa 3i Bolivia promueve modelos de negocio de triple impacto a trav\u00e9s de pr\u00e1cticas econ\u00f3micas sostenibles, innovaci\u00f3n y cadenas de valor libres de deforestaci\u00f3n. La acci\u00f3n busca fortalecer las capacidades de mipymes y organizaciones de productores para incorporar competencias t\u00e9cnicas, transformaci\u00f3n digital, emprendimientos verdes y acceso a financiamiento, [&hellip;]","og_url":"https:\/\/alinvest-verde.eu\/pt_pt_ao90\/videos\/proyecto-3i-bolivia\/","og_site_name":"Programme AL-INVEST Verde","article_modified_time":"2026-05-12T17:41:51+00:00","og_image":[{"width":1920,"height":960,"url":"https:\/\/alinvest-verde.eu\/wp-content\/uploads\/2022\/05\/money-g931d55623_1920.jpg","type":"image\/jpeg"}],"twitter_card":"summary_large_image","twitter_misc":{"Est. reading time":"1 minuto"},"schema":{"@context":"https:\/\/schema.org","@graph":[{"@type":"WebPage","@id":"https:\/\/alinvest-verde.eu\/videos\/proyecto-3i-bolivia\/","url":"https:\/\/alinvest-verde.eu\/videos\/proyecto-3i-bolivia\/","name":"Proyecto: 3i Bolivia - Programme AL-INVEST Verde","isPartOf":{"@id":"https:\/\/alinvest-verde.eu\/#website"},"datePublished":"2026-05-12T17:41:50+00:00","dateModified":"2026-05-12T17:41:51+00:00","breadcrumb":{"@id":"https:\/\/alinvest-verde.eu\/videos\/proyecto-3i-bolivia\/#breadcrumb"},"inLanguage":"pt-PT","potentialAction":[{"@type":"ReadAction","target":["https:\/\/alinvest-verde.eu\/videos\/proyecto-3i-bolivia\/"]}]},{"@type":"BreadcrumbList","@id":"https:\/\/alinvest-verde.eu\/videos\/proyecto-3i-bolivia\/#breadcrumb","itemListElement":[{"@type":"ListItem","position":1,"name":"Inicio","item":"https:\/\/alinvest-verde.eu\/"},{"@type":"ListItem","position":2,"name":"Proyecto: 3i Bolivia"}]},{"@type":"WebSite","@id":"https:\/\/alinvest-verde.eu\/#website","url":"https:\/\/alinvest-verde.eu\/","name":"Programa AL-INVEST Verde","description":"Construir alian\u00e7as com o sector privado na AL e promover o crescimento sustent\u00e1vel e a cria\u00e7\u00e3o de empregos, apoiando a transi\u00e7\u00e3o para uma economia de baixo carbono e eficiente em termos de recursos","publisher":{"@id":"https:\/\/alinvest-verde.eu\/#organization"},"potentialAction":[{"@type":"SearchAction","target":{"@type":"EntryPoint","urlTemplate":"https:\/\/alinvest-verde.eu\/?s={search_term_string}"},"query-input":{"@type":"PropertyValueSpecification","valueRequired":true,"valueName":"search_term_string"}}],"inLanguage":"pt-PT"},{"@type":"Organization","@id":"https:\/\/alinvest-verde.eu\/#organization","name":"Programa AL-INVEST Verde","url":"https:\/\/alinvest-verde.eu\/","logo":{"@type":"ImageObject","inLanguage":"pt-PT","@id":"https:\/\/alinvest-verde.eu\/#\/schema\/logo\/image\/","url":"https:\/\/alinvest-verde.eu\/wp-content\/uploads\/2022\/01\/cropped-logo-financiado-por-la-UE.jpg","contentUrl":"https:\/\/alinvest-verde.eu\/wp-content\/uploads\/2022\/01\/cropped-logo-financiado-por-la-UE.jpg","width":756,"height":216,"caption":"Programme AL-INVEST Verde"},"image":{"@id":"https:\/\/alinvest-verde.eu\/#\/schema\/logo\/image\/"}}]}},"_links":{"self":[{"href":"https:\/\/alinvest-verde.eu\/pt_pt_ao90\/wp-json\/wp\/v2\/videos\/21326","targetHints":{"allow":["GET"]}}],"collection":[{"href":"https:\/\/alinvest-verde.eu\/pt_pt_ao90\/wp-json\/wp\/v2\/videos"}],"about":[{"href":"https:\/\/alinvest-verde.eu\/pt_pt_ao90\/wp-json\/wp\/v2\/types\/videos"}],"wp:attachment":[{"href":"https:\/\/alinvest-verde.eu\/pt_pt_ao90\/wp-json\/wp\/v2\/media?parent=21326"}],"curies":[{"name":"wp","href":"https:\/\/api.w.org\/{rel}","templated":true}]}}

Projeto: 3i Bolívia

<p class="wp-block-paragraph">No Cone Sul da Bolívia, a iniciativa 3i Bolívia promove modelos empresariais de triplo impacto através de práticas económicas sustentáveis, inovação e cadeias de valor sem desflorestação.</p>



<p class="wp-block-paragraph">A ação procura reforçar as capacidades das MPME e das organizações de produtores para incorporar competências técnicas, transformação digital, empreendedorismo ecológico e acesso ao financiamento, promovendo assim uma economia mais resiliente, inclusiva e sustentável.</p>

<!-- This site is optimized with the Yoast SEO plugin v28.4 - https://yoast.com/product/yoast-seo-wordpress/ -->
<title>Proyecto: 3i Bolivia - Programme AL-INVEST Verde</title>
<meta name="robots" content="index, follow, max-snippet:-1, max-image-preview:large, max-video-preview:-1" />
<link rel="canonical" href="https://alinvest-verde.eu/pt_pt_ao90/videos/proyecto-3i-bolivia/" />
<meta property="og:locale" content="pt_PT" />
<meta property="og:type" content="article" />
<meta property="og:title" content="Proyecto: 3i Bolivia - Programme AL-INVEST Verde" />
<meta property="og:description" content="En el cono Sur de Bolivia, la iniciativa 3i Bolivia promueve modelos de negocio de triple impacto a través de prácticas económicas sostenibles, innovación y cadenas de valor libres de deforestación. La acción busca fortalecer las capacidades de mipymes y organizaciones de productores para incorporar competencias técnicas, transformación digital, emprendimientos verdes y acceso a financiamiento, [&hellip;]" />
<meta property="og:url" content="https://alinvest-verde.eu/pt_pt_ao90/videos/proyecto-3i-bolivia/" />
<meta property="og:site_name" content="Programme AL-INVEST Verde" />
<meta property="article:modified_time" content="2026-05-12T17:41:51+00:00" />
<meta property="og:image" content="https://alinvest-verde.eu/wp-content/uploads/2022/05/money-g931d55623_1920.jpg" />
	<meta property="og:image:width" content="1920" />
	<meta property="og:image:height" content="960" />
	<meta property="og:image:type" content="image/jpeg" />
<meta name="twitter:card" content="summary_large_image" />
<meta name="twitter:label1" content="Est. reading time" />
	<meta name="twitter:data1" content="1 minuto" />
<script type="application/ld+json" class="yoast-schema-graph">{"@context":"https:\/\/schema.org","@graph":[{"@type":"WebPage","@id":"https:\/\/alinvest-verde.eu\/videos\/proyecto-3i-bolivia\/","url":"https:\/\/alinvest-verde.eu\/videos\/proyecto-3i-bolivia\/","name":"Proyecto: 3i Bolivia - Programme AL-INVEST Verde","isPartOf":{"@id":"https:\/\/alinvest-verde.eu\/#website"},"datePublished":"2026-05-12T17:41:50+00:00","dateModified":"2026-05-12T17:41:51+00:00","breadcrumb":{"@id":"https:\/\/alinvest-verde.eu\/videos\/proyecto-3i-bolivia\/#breadcrumb"},"inLanguage":"pt-PT","potentialAction":[{"@type":"ReadAction","target":["https:\/\/alinvest-verde.eu\/videos\/proyecto-3i-bolivia\/"]}]},{"@type":"BreadcrumbList","@id":"https:\/\/alinvest-verde.eu\/videos\/proyecto-3i-bolivia\/#breadcrumb","itemListElement":[{"@type":"ListItem","position":1,"name":"Inicio","item":"https:\/\/alinvest-verde.eu\/"},{"@type":"ListItem","position":2,"name":"Proyecto: 3i Bolivia"}]},{"@type":"WebSite","@id":"https:\/\/alinvest-verde.eu\/#website","url":"https:\/\/alinvest-verde.eu\/","name":"Programme AL-INVEST Verde","description":"Building alliances with the private sector in LA and promote sustainable growth and jobs creation by supporting the transition towards a low-carbon, resource-efficient economy","publisher":{"@id":"https:\/\/alinvest-verde.eu\/#organization"},"potentialAction":[{"@type":"SearchAction","target":{"@type":"EntryPoint","urlTemplate":"https:\/\/alinvest-verde.eu\/?s={search_term_string}"},"query-input":{"@type":"PropertyValueSpecification","valueRequired":true,"valueName":"search_term_string"}}],"inLanguage":"pt-PT"},{"@type":"Organization","@id":"https:\/\/alinvest-verde.eu\/#organization","name":"Programme AL-INVEST Verde","url":"https:\/\/alinvest-verde.eu\/","logo":{"@type":"ImageObject","inLanguage":"pt-PT","@id":"https:\/\/alinvest-verde.eu\/#\/schema\/logo\/image\/","url":"https:\/\/alinvest-verde.eu\/wp-content\/uploads\/2022\/01\/cropped-logo-financiado-por-la-UE.jpg","contentUrl":"https:\/\/alinvest-verde.eu\/wp-content\/uploads\/2022\/01\/cropped-logo-financiado-por-la-UE.jpg","width":756,"height":216,"caption":"Programme AL-INVEST Verde"},"image":{"@id":"https:\/\/alinvest-verde.eu\/#\/schema\/logo\/image\/"}}]}</script>
<!-- / Yoast SEO plugin. -->

En el cono Sur de Bolivia, la iniciativa 3i Bolivia promueve modelos de negocio de triple impacto a través de prácticas económicas sostenibles, innovación y cadenas de valor libres de deforestación. La acción busca fortalecer las capacidades de mipymes y organizaciones de productores para incorporar competencias técnicas, transformación digital, emprendimientos verdes y acceso a financiamiento, [&hellip;]

Construir alianças com o sector privado na AL e promover o crescimento sustentável e a criação de empregos, apoiando a transição para uma economia de baixo carbono e eficiente em termos de recursos
